{"id":16004,"date":"2025-06-16T14:08:21","date_gmt":"2025-06-16T12:08:21","guid":{"rendered":"https:\/\/www.sappm.ch\/?page_id=16004"},"modified":"2025-09-25T15:09:33","modified_gmt":"2025-09-25T13:09:33","slug":"state-of-the-art-lectures","status":"publish","type":"page","link":"https:\/\/www.sappm.ch\/en\/state-of-the-art-lectures\/","title":{"rendered":"State of the Art Lectures"},"content":{"rendered":"\n<div  class=\"block block-lead bg-element \">\n    <div class=\"main-container\">\n        <div class=\"content-container lead-font-size\">\n            All State of the Art Lectures will be held in the language of the respective lecturer. Interpreting is not provided.         <\/div>\n    <\/div>\n<\/div>\n<div class=\"block block-akkordeon pb-mittel\">\n    <div class=\"main-container\">\n        <h2>Thursday, 23.10.2025 Palazzo Civico, Sala Consiglio Comunale<\/h2>\n                    <div class=\"accordion agenda-item\">\n                                    <div class=\"accordion-item\">\n                        <div class=\"accordion-toggle dark\">\n                            <div class=\"infos transition\">\n                                <span class=\"text\">More info<\/span>\n                                <span class=\"icon-more\"><\/span>\n                                <span class=\"icon-less\"><\/span>\n                            <\/div>\n                            <div class=\"inner\">\n                                <h3 class=\"d6 agenda-title\">16) 10:30h &#8211; 11:15h Burn-out and the Science of going slow<\/h3>\n                            <\/div>\n                        <\/div>\n                        <div class=\"accordion-content\">\n                            <div class=\"inner\">\n                                <p><strong>Katharina Gessler (d)<\/strong><\/p>\n<p><strong>Burn-out and the science of going slow<\/strong><\/p>\n<p>Burn-out ist als Stresssyndrom ein hochrelevantes Ph\u00e4nomen mit weitreichenden medizinischen, psychischen und \u00f6konomischen Konsequenzen. Es stellt sowohl Haus\u00e4rztinnen und Haus\u00e4rzte als auch Fach\u00e4rztinnen und Fach\u00e4rzte in der Klinik vor komplexe Herausforderungen. Patientinnen und Patienten mit Burn-out-Symptomatik pr\u00e4sentieren sich h\u00e4ufig zun\u00e4chst mit Beschwerden vegetativer Dysregulation oder auch depressiven Symptomen, was eine klare diagnostische Einordnung erschwert.  <\/p>\n<p>Burn-out fr\u00fchzeitig zu erkennen und differentialdiagnostisch abzugrenzen, ist von zentraler Bedeutung. Ebenso relevant ist die Einleitung wirksamer, individualisierter Interventionen \u2013 sei es im Rahmen psychosomatischer Grundversorgung, psychotherapeutischer Ma\u00dfnahmen oder station\u00e4rer Behandlungsans\u00e4tze. <\/p>\n<p>Das Referat gibt einen evidenzbasierten \u00dcberblick \u00fcber den Stand der Forschung zu \u00c4tiologie, Diagnostik und aktuellen Behandlungsstrategien des Burn-out-Syndroms. Ein besonderer Fokus liegt auf praxisnahen Empfehlungen f\u00fcr die Versorgung im Spannungsfeld zwischen \u00dcberforderung, Selbstf\u00fcrsorge und Systembelastung. <\/p>\n                            <\/div>\n                        <\/div>\n                    <\/div>\n                                    <div class=\"accordion-item\">\n                        <div class=\"accordion-toggle dark\">\n                            <div class=\"infos transition\">\n                                <span class=\"text\">More info<\/span>\n                                <span class=\"icon-more\"><\/span>\n                                <span class=\"icon-less\"><\/span>\n                            <\/div>\n                            <div class=\"inner\">\n                                <h3 class=\"d6 agenda-title\">17) 11:30h &#8211; 12:15h Entschleunigung im Schlaf &#8211; Update Schlafst\u00f6rungen<\/h3>\n                            <\/div>\n                        <\/div>\n                        <div class=\"accordion-content\">\n                            <div class=\"inner\">\n                                <p><strong>Dagmar Schmid (d)<\/strong><\/p>\n<p><strong>Slowing down during sleep &#8211; Update sleep disorders<\/strong><\/p>\n<p>Sleep disorders are among the most common health problems in our society and can have a negative impact on quality of life and health. This lecture will provide an up-to-date overview of basic (patho-) physiological aspects of sleep regulation as well as new findings in the diagnosis and innovative treatment of sleep disorders. Connections with psychiatric and somatic illnesses will also be explained and the preventive aspect of sleep optimization in this context will be presented as well as practical strategies.  <\/p>\n                            <\/div>\n                        <\/div>\n                    <\/div>\n                                    <div class=\"accordion-item\">\n                        <div class=\"accordion-toggle dark\">\n                            <div class=\"infos transition\">\n                                <span class=\"text\">More info<\/span>\n                                <span class=\"icon-more\"><\/span>\n                                <span class=\"icon-less\"><\/span>\n                            <\/div>\n                            <div class=\"inner\">\n                                <h3 class=\"d6 agenda-title\">18) 15:30h &#8211; 16:15h Long-, Post- or Past-COVID?<\/h3>\n                            <\/div>\n                        <\/div>\n                        <div class=\"accordion-content\">\n                            <div class=\"inner\">\n                                <p><strong>Rainer Sch\u00e4fert, Kathrin Bopp (d)<\/strong><\/p>\n<p><strong>Long-, post- or past-COVID? Is there a state of the art for this? <\/strong><\/p>\n<p>Is Long COVID in the head or in the body? How can we overcome this dualistic view? What do we currently know about this disease and its treatment? And what don&#8217;t we know?<\/p>\n<p>Katrin Bopp and Rainer Schaefert from Basel will explore these and other questions in their article.&#8221;<\/p>\n<p>&nbsp;<\/p>\n<p>&nbsp;<\/p>\n<p>&nbsp;<\/p>\n                            <\/div>\n                        <\/div>\n                    <\/div>\n                                    <div class=\"accordion-item\">\n                        <div class=\"accordion-toggle dark\">\n                            <div class=\"infos transition\">\n                                <span class=\"text\">More info<\/span>\n                                <span class=\"icon-more\"><\/span>\n                                <span class=\"icon-less\"><\/span>\n                            <\/div>\n                            <div class=\"inner\">\n                                <h3 class=\"d6 agenda-title\">19) 16:30h &#8211; 17:15h Mindfulness-Oriented Recovery Enhancement for Fibromyalgia: A Slow Medicine Approach to Integrative Pain Therapy  <\/h3>\n                            <\/div>\n                        <\/div>\n                        <div class=\"accordion-content\">\n                            <div class=\"inner\">\n                                <p><strong>Chantal Martin S\u00f6lch, Katharina Ledermann <\/strong><strong>(d)<\/strong><\/p>\n<p><strong>Mindfulness-Oriented Recovery Enhancement for fibromyalgia: A slow medicine approach to integrative pain therapy  <\/strong><\/p>\n<p>We present the application, implementation and impact of an integrative treatment for fibromyalgia that integrates elements of mindfulness, cognitive behavioral therapy and positive psychology and is based on neuroscientific research. The initial promising results of this program open up new approaches for the treatment of primary chronic pain. <\/p>\n                            <\/div>\n                        <\/div>\n                    <\/div>\n                                    <div class=\"accordion-item\">\n                        <div class=\"accordion-toggle dark\">\n                            <div class=\"infos transition\">\n                                <span class=\"text\">More info<\/span>\n                                <span class=\"icon-more\"><\/span>\n                                <span class=\"icon-less\"><\/span>\n                            <\/div>\n                            <div class=\"inner\">\n                                <h3 class=\"d6 agenda-title\">20) 17:30h &#8211; 18:00h Panel discussion (i, f, d, e)<\/h3>\n                            <\/div>\n                        <\/div>\n                        <div class=\"accordion-content\">\n                            <div class=\"inner\">\n                                <p><strong>Panel discussion (i, f, d, e)<\/strong><\/p>\n<p>&nbsp;<\/p>\n                            <\/div>\n                        <\/div>\n                    <\/div>\n                            <\/div>\n            <\/div>\n<\/div>\n\n<div class=\"block block-akkordeon pb-mittel\">\n    <div class=\"main-container\">\n        <h2>Friday, 24.10.2025 Palazzo Civico, Sala Consiglio Comunale<\/h2>\n                    <div class=\"accordion agenda-item\">\n                                    <div class=\"accordion-item\">\n                        <div class=\"accordion-toggle dark\">\n                            <div class=\"infos transition\">\n                                <span class=\"text\">More info<\/span>\n                                <span class=\"icon-more\"><\/span>\n                                <span class=\"icon-less\"><\/span>\n                            <\/div>\n                            <div class=\"inner\">\n                                <h3 class=\"d6 agenda-title\">21) 09:00h &#8211; 09:45h Post-COVID-19 syndrome: an update<\/h3>\n                            <\/div>\n                        <\/div>\n                        <div class=\"accordion-content\">\n                            <div class=\"inner\">\n                                <p><strong>Nina Bischoff, Lara Diem (d)<\/strong><\/p>\n<p><strong>Post-COVID-19 syndrome: an update<\/strong><\/p>\n<p>Post-COVID-19 syndrome continues to pose a clinical and scientific challenge. The article presents current findings on pathophysiology, diagnostics and therapy, with a particular focus on interdisciplinary care and medical management. <\/p>\n                            <\/div>\n                        <\/div>\n                    <\/div>\n                                    <div class=\"accordion-item\">\n                        <div class=\"accordion-toggle dark\">\n                            <div class=\"infos transition\">\n                                <span class=\"text\">More info<\/span>\n                                <span class=\"icon-more\"><\/span>\n                                <span class=\"icon-less\"><\/span>\n                            <\/div>\n                            <div class=\"inner\">\n                                <h3 class=\"d6 agenda-title\">22) 10:00h &#8211; 10:45h Update Psychokardiologie<\/h3>\n                            <\/div>\n                        <\/div>\n                        <div class=\"accordion-content\">\n                            <div class=\"inner\">\n                                <p><strong>Roland von K\u00e4nel (d)<\/strong><\/p>\n<p><strong>Update Psychokardiologie<\/strong><\/p>\n<p>Der Vortrag gibt ein aktuelles Update zu den wechselseitigen Beziehungen zwischen psychosozialen Faktoren und Herzerkrankungen. Psychischer Stress, depressive Symptome und Feindseligkeit k\u00f6nnen das kardiovaskul\u00e4re Risiko erh\u00f6hen, w\u00e4hrend Herzerkrankungen ihrerseits emotionalen Stress f\u00f6rdern. Vorgestellt werden die vermittelnden bio-psycho-sozialen Mechanismen sowie wirksame psychosoziale Interventionen zur Verbesserung von Wohlbefinden und Prognose. Auch Bewegung und positive psychologische Faktoren wie Optimismus werden als sch\u00fctzende Ressourcen beleuchtet.   <\/p>\n                            <\/div>\n                        <\/div>\n                    <\/div>\n                                    <div class=\"accordion-item\">\n                        <div class=\"accordion-toggle dark\">\n                            <div class=\"infos transition\">\n                                <span class=\"text\">More info<\/span>\n                                <span class=\"icon-more\"><\/span>\n                                <span class=\"icon-less\"><\/span>\n                            <\/div>\n                            <div class=\"inner\">\n                                <h3 class=\"d6 agenda-title\">23) 11:00h &#8211; 11:45h Neurofunktionelle St\u00f6rungen<\/h3>\n                            <\/div>\n                        <\/div>\n                        <div class=\"accordion-content\">\n                            <div class=\"inner\">\n                                <p><strong>Anita Barbey, Evdokia Efthymiou (d)<\/strong><\/p>\n<p><strong>Neurofunctional disorders<\/strong><\/p>\n<p>This article provides an overview of the current neuroscientific concepts for the pathophysiological understanding of functional neurological disorders and discusses practical therapeutic approaches derived from them.<\/p>\n                            <\/div>\n                        <\/div>\n                    <\/div>\n                                    <div class=\"accordion-item\">\n                        <div class=\"accordion-toggle dark\">\n                            <div class=\"infos transition\">\n                                <span class=\"text\">More info<\/span>\n                                <span class=\"icon-more\"><\/span>\n                                <span class=\"icon-less\"><\/span>\n                            <\/div>\n                            <div class=\"inner\">\n                                <h3 class=\"d6 agenda-title\">24) 13:30h &#8211; 14:15h Restriktive Essst\u00f6rungen<\/h3>\n                            <\/div>\n                        <\/div>\n                        <div class=\"accordion-content\">\n                            <div class=\"inner\">\n                                <p><strong>Gabriella Milos (d)<\/strong><\/p>\n<p><strong>Restriktive Essst\u00f6rungen<\/strong><\/p>\n<p>Anorexia nervosa und andere restriktive Essst\u00f6rungen sind potenziell lebensbedrohliche Erkrankungen, die vor allem junge Menschen betreffen. Diese Krankheiten sind schwierig zu behandeln und k\u00f6nnen chronisch werden. Somatische und psychische Beeintr\u00e4chtigungen sowie soziale Isolation sind bei den Betroffenen nicht selten. Neues zur Klassifikation und zum Verst\u00e4ndnis dieser Krankheiten wird vorgestellt. Auch die modernen Therapiem\u00f6glichkeiten werden pr\u00e4sentiert und diskutiert.    <\/p>\n                            <\/div>\n                        <\/div>\n                    <\/div>\n                                    <div class=\"accordion-item\">\n                        <div class=\"accordion-toggle dark\">\n                            <div class=\"infos transition\">\n                                <span class=\"text\">More info<\/span>\n                                <span class=\"icon-more\"><\/span>\n                                <span class=\"icon-less\"><\/span>\n                            <\/div>\n                            <div class=\"inner\">\n                                <h3 class=\"d6 agenda-title\">25) 14:30h &#8211; 15:15h Le temps de la confiance chez les patients souffrant &#8230;<\/h3>\n                            <\/div>\n                        <\/div>\n                        <div class=\"accordion-content\">\n                            <div class=\"inner\">\n                                <p><strong>Anne-Fran\u00e7oise Allaz, Matteo Coen (f)<\/strong><\/p>\n<p><strong>The time of trust for patients with chronic pain<\/strong><\/p>\n<p><strong>Lecture language French<\/strong><\/p>\n<p>The treatment of people suffering from chronic pain benefits from a long-term approach that makes it possible to build a relationship of trust. The time of trust is the common thread running through our symposium. Trust is often difficult to achieve for patients who have experienced trauma or neglect in their childhood and who often feel that their suffering is not sufficiently acknowledged.<br \/>\nThe first lecture is dedicated to the links between traumatic events and chronic pain and how a basis of trust can be created between a patient and their therapist so that the various other therapeutic approaches can unfold.<br \/>\nThe importance of legitimizing and accepting the complaint will be emphasized.<br \/>\nThe second lecture will focus on the benefits of hypnosis for patients with chronic pain, in particular how to provide them with a &#8216;safe place&#8217; and enable them to experience a trusting therapeutic relationship.<br \/>\nCurrent evidence and thinking in these areas will be presented to facilitate application for practitioners.   <\/p>\n<p>&nbsp;<\/p>\n                            <\/div>\n                        <\/div>\n                    <\/div>\n                                    <div class=\"accordion-item\">\n                        <div class=\"accordion-toggle dark\">\n                            <div class=\"infos transition\">\n                                <span class=\"text\">More info<\/span>\n                                <span class=\"icon-more\"><\/span>\n                                <span class=\"icon-less\"><\/span>\n                            <\/div>\n                            <div class=\"inner\">\n                                <h3 class=\"d6 agenda-title\">26) 15:30h &#8211; 16:00h Panel discussion (i, f, d, e)<\/h3>\n                            <\/div>\n                        <\/div>\n                        <div class=\"accordion-content\">\n                            <div class=\"inner\">\n                                <p><strong>Panel discussion (i, f, d, e)<\/strong><\/p>\n                            <\/div>\n                        <\/div>\n                    <\/div>\n                            <\/div>\n            <\/div>\n<\/div>\n\n<div  class=\"block block-content pb-mittel\">\n    <div class=\"main-container\">\n        <div class=\"content-container\">\n\n            \n            \n                            <div class=\"button-group\">\n                                   <a class=\"btn btn-full btn-arrow\" href=\"https:\/\/www.sappm.ch\/kongress-2025\/programm\/\" target=\"_self\">To the program overview<\/a>\n                                <\/div>\n            \n        <\/div>\n    <\/div>\n<\/div>","protected":false},"excerpt":{"rendered":"","protected":false},"author":3,"featured_media":0,"parent":0,"menu_order":0,"comment_status":"closed","ping_status":"closed","template":"tpl-kongress.php","meta":{"_acf_changed":false,"footnotes":""},"class_list":["post-16004","page","type-page","status-publish","hentry"],"acf":[],"_links":{"self":[{"href":"https:\/\/www.sappm.ch\/en\/wp-json\/wp\/v2\/pages\/16004","targetHints":{"allow":["GET"]}}],"collection":[{"href":"https:\/\/www.sappm.ch\/en\/wp-json\/wp\/v2\/pages"}],"about":[{"href":"https:\/\/www.sappm.ch\/en\/wp-json\/wp\/v2\/types\/page"}],"author":[{"embeddable":true,"href":"https:\/\/www.sappm.ch\/en\/wp-json\/wp\/v2\/users\/3"}],"replies":[{"embeddable":true,"href":"https:\/\/www.sappm.ch\/en\/wp-json\/wp\/v2\/comments?post=16004"}],"version-history":[{"count":3,"href":"https:\/\/www.sappm.ch\/en\/wp-json\/wp\/v2\/pages\/16004\/revisions"}],"predecessor-version":[{"id":18005,"href":"https:\/\/www.sappm.ch\/en\/wp-json\/wp\/v2\/pages\/16004\/revisions\/18005"}],"wp:attachment":[{"href":"https:\/\/www.sappm.ch\/en\/wp-json\/wp\/v2\/media?parent=16004"}],"curies":[{"name":"wp","href":"https:\/\/api.w.org\/{rel}","templated":true}]}}

<div  class="block block-lead bg-element ">
    <div class="main-container">
        <div class="content-container lead-font-size">
            All State of the Art Lectures will be held in the language of the respective lecturer. Interpreting is not provided.         </div>
    </div>
</div>
<div class="block block-akkordeon pb-mittel">
    <div class="main-container">
        <h2>Thursday, 23.10.2025 Palazzo Civico, Sala Consiglio Comunale</h2>
                    <div class="accordion agenda-item">
                                    <div class="accordion-item">
                        <div class="accordion-toggle dark">
                            <div class="infos transition">
                                <span class="text">More info</span>
                                <span class="icon-more"></span>
                                <span class="icon-less"></span>
                            </div>
                            <div class="inner">
                                <h3 class="d6 agenda-title">16) 10:30h &#8211; 11:15h Burn-out and the Science of going slow</h3>
                            </div>
                        </div>
                        <div class="accordion-content">
                            <div class="inner">
                                <p><strong>Katharina Gessler (d)</strong></p>
<p><strong>Burn-out and the science of going slow</strong></p>
<p>Burn-out ist als Stresssyndrom ein hochrelevantes Phänomen mit weitreichenden medizinischen, psychischen und ökonomischen Konsequenzen. Es stellt sowohl Hausärztinnen und Hausärzte als auch Fachärztinnen und Fachärzte in der Klinik vor komplexe Herausforderungen. Patientinnen und Patienten mit Burn-out-Symptomatik präsentieren sich häufig zunächst mit Beschwerden vegetativer Dysregulation oder auch depressiven Symptomen, was eine klare diagnostische Einordnung erschwert.  </p>
<p>Burn-out frühzeitig zu erkennen und differentialdiagnostisch abzugrenzen, ist von zentraler Bedeutung. Ebenso relevant ist die Einleitung wirksamer, individualisierter Interventionen – sei es im Rahmen psychosomatischer Grundversorgung, psychotherapeutischer Maßnahmen oder stationärer Behandlungsansätze. </p>
<p>Das Referat gibt einen evidenzbasierten Überblick über den Stand der Forschung zu Ätiologie, Diagnostik und aktuellen Behandlungsstrategien des Burn-out-Syndroms. Ein besonderer Fokus liegt auf praxisnahen Empfehlungen für die Versorgung im Spannungsfeld zwischen Überforderung, Selbstfürsorge und Systembelastung. </p>
                            </div>
                        </div>
                    </div>
                                    <div class="accordion-item">
                        <div class="accordion-toggle dark">
                            <div class="infos transition">
                                <span class="text">More info</span>
                                <span class="icon-more"></span>
                                <span class="icon-less"></span>
                            </div>
                            <div class="inner">
                                <h3 class="d6 agenda-title">17) 11:30h &#8211; 12:15h Entschleunigung im Schlaf &#8211; Update Schlafstörungen</h3>
                            </div>
                        </div>
                        <div class="accordion-content">
                            <div class="inner">
                                <p><strong>Dagmar Schmid (d)</strong></p>
<p><strong>Slowing down during sleep &#8211; Update sleep disorders</strong></p>
<p>Sleep disorders are among the most common health problems in our society and can have a negative impact on quality of life and health. This lecture will provide an up-to-date overview of basic (patho-) physiological aspects of sleep regulation as well as new findings in the diagnosis and innovative treatment of sleep disorders. Connections with psychiatric and somatic illnesses will also be explained and the preventive aspect of sleep optimization in this context will be presented as well as practical strategies.  </p>
                            </div>
                        </div>
                    </div>
                                    <div class="accordion-item">
                        <div class="accordion-toggle dark">
                            <div class="infos transition">
                                <span class="text">More info</span>
                                <span class="icon-more"></span>
                                <span class="icon-less"></span>
                            </div>
                            <div class="inner">
                                <h3 class="d6 agenda-title">18) 15:30h &#8211; 16:15h Long-, Post- or Past-COVID?</h3>
                            </div>
                        </div>
                        <div class="accordion-content">
                            <div class="inner">
                                <p><strong>Rainer Schäfert, Kathrin Bopp (d)</strong></p>
<p><strong>Long-, post- or past-COVID? Is there a state of the art for this? </strong></p>
<p>Is Long COVID in the head or in the body? How can we overcome this dualistic view? What do we currently know about this disease and its treatment? And what don&#8217;t we know?</p>
<p>Katrin Bopp and Rainer Schaefert from Basel will explore these and other questions in their article.&#8221;</p>
<p>&nbsp;</p>
<p>&nbsp;</p>
<p>&nbsp;</p>
                            </div>
                        </div>
                    </div>
                                    <div class="accordion-item">
                        <div class="accordion-toggle dark">
                            <div class="infos transition">
                                <span class="text">More info</span>
                                <span class="icon-more"></span>
                                <span class="icon-less"></span>
                            </div>
                            <div class="inner">
                                <h3 class="d6 agenda-title">19) 16:30h &#8211; 17:15h Mindfulness-Oriented Recovery Enhancement for Fibromyalgia: A Slow Medicine Approach to Integrative Pain Therapy  </h3>
                            </div>
                        </div>
                        <div class="accordion-content">
                            <div class="inner">
                                <p><strong>Chantal Martin Sölch, Katharina Ledermann </strong><strong>(d)</strong></p>
<p><strong>Mindfulness-Oriented Recovery Enhancement for fibromyalgia: A slow medicine approach to integrative pain therapy  </strong></p>
<p>We present the application, implementation and impact of an integrative treatment for fibromyalgia that integrates elements of mindfulness, cognitive behavioral therapy and positive psychology and is based on neuroscientific research. The initial promising results of this program open up new approaches for the treatment of primary chronic pain. </p>
                            </div>
                        </div>
                    </div>
                                    <div class="accordion-item">
                        <div class="accordion-toggle dark">
                            <div class="infos transition">
                                <span class="text">More info</span>
                                <span class="icon-more"></span>
                                <span class="icon-less"></span>
                            </div>
                            <div class="inner">
                                <h3 class="d6 agenda-title">20) 17:30h &#8211; 18:00h Panel discussion (i, f, d, e)</h3>
                            </div>
                        </div>
                        <div class="accordion-content">
                            <div class="inner">
                                <p><strong>Panel discussion (i, f, d, e)</strong></p>
<p>&nbsp;</p>
                            </div>
                        </div>
                    </div>
                            </div>
            </div>
</div>

<div class="block block-akkordeon pb-mittel">
    <div class="main-container">
        <h2>Friday, 24.10.2025 Palazzo Civico, Sala Consiglio Comunale</h2>
                    <div class="accordion agenda-item">
                                    <div class="accordion-item">
                        <div class="accordion-toggle dark">
                            <div class="infos transition">
                                <span class="text">More info</span>
                                <span class="icon-more"></span>
                                <span class="icon-less"></span>
                            </div>
                            <div class="inner">
                                <h3 class="d6 agenda-title">21) 09:00h &#8211; 09:45h Post-COVID-19 syndrome: an update</h3>
                            </div>
                        </div>
                        <div class="accordion-content">
                            <div class="inner">
                                <p><strong>Nina Bischoff, Lara Diem (d)</strong></p>
<p><strong>Post-COVID-19 syndrome: an update</strong></p>
<p>Post-COVID-19 syndrome continues to pose a clinical and scientific challenge. The article presents current findings on pathophysiology, diagnostics and therapy, with a particular focus on interdisciplinary care and medical management. </p>
                            </div>
                        </div>
                    </div>
                                    <div class="accordion-item">
                        <div class="accordion-toggle dark">
                            <div class="infos transition">
                                <span class="text">More info</span>
                                <span class="icon-more"></span>
                                <span class="icon-less"></span>
                            </div>
                            <div class="inner">
                                <h3 class="d6 agenda-title">22) 10:00h &#8211; 10:45h Update Psychokardiologie</h3>
                            </div>
                        </div>
                        <div class="accordion-content">
                            <div class="inner">
                                <p><strong>Roland von Känel (d)</strong></p>
<p><strong>Update Psychokardiologie</strong></p>
<p>Der Vortrag gibt ein aktuelles Update zu den wechselseitigen Beziehungen zwischen psychosozialen Faktoren und Herzerkrankungen. Psychischer Stress, depressive Symptome und Feindseligkeit können das kardiovaskuläre Risiko erhöhen, während Herzerkrankungen ihrerseits emotionalen Stress fördern. Vorgestellt werden die vermittelnden bio-psycho-sozialen Mechanismen sowie wirksame psychosoziale Interventionen zur Verbesserung von Wohlbefinden und Prognose. Auch Bewegung und positive psychologische Faktoren wie Optimismus werden als schützende Ressourcen beleuchtet.   </p>
                            </div>
                        </div>
                    </div>
                                    <div class="accordion-item">
                        <div class="accordion-toggle dark">
                            <div class="infos transition">
                                <span class="text">More info</span>
                                <span class="icon-more"></span>
                                <span class="icon-less"></span>
                            </div>
                            <div class="inner">
                                <h3 class="d6 agenda-title">23) 11:00h &#8211; 11:45h Neurofunktionelle Störungen</h3>
                            </div>
                        </div>
                        <div class="accordion-content">
                            <div class="inner">
                                <p><strong>Anita Barbey, Evdokia Efthymiou (d)</strong></p>
<p><strong>Neurofunctional disorders</strong></p>
<p>This article provides an overview of the current neuroscientific concepts for the pathophysiological understanding of functional neurological disorders and discusses practical therapeutic approaches derived from them.</p>
                            </div>
                        </div>
                    </div>
                                    <div class="accordion-item">
                        <div class="accordion-toggle dark">
                            <div class="infos transition">
                                <span class="text">More info</span>
                                <span class="icon-more"></span>
                                <span class="icon-less"></span>
                            </div>
                            <div class="inner">
                                <h3 class="d6 agenda-title">24) 13:30h &#8211; 14:15h Restriktive Essstörungen</h3>
                            </div>
                        </div>
                        <div class="accordion-content">
                            <div class="inner">
                                <p><strong>Gabriella Milos (d)</strong></p>
<p><strong>Restriktive Essstörungen</strong></p>
<p>Anorexia nervosa und andere restriktive Essstörungen sind potenziell lebensbedrohliche Erkrankungen, die vor allem junge Menschen betreffen. Diese Krankheiten sind schwierig zu behandeln und können chronisch werden. Somatische und psychische Beeinträchtigungen sowie soziale Isolation sind bei den Betroffenen nicht selten. Neues zur Klassifikation und zum Verständnis dieser Krankheiten wird vorgestellt. Auch die modernen Therapiemöglichkeiten werden präsentiert und diskutiert.    </p>
                            </div>
                        </div>
                    </div>
                                    <div class="accordion-item">
                        <div class="accordion-toggle dark">
                            <div class="infos transition">
                                <span class="text">More info</span>
                                <span class="icon-more"></span>
                                <span class="icon-less"></span>
                            </div>
                            <div class="inner">
                                <h3 class="d6 agenda-title">25) 14:30h &#8211; 15:15h Le temps de la confiance chez les patients souffrant &#8230;</h3>
                            </div>
                        </div>
                        <div class="accordion-content">
                            <div class="inner">
                                <p><strong>Anne-Françoise Allaz, Matteo Coen (f)</strong></p>
<p><strong>The time of trust for patients with chronic pain</strong></p>
<p><strong>Lecture language French</strong></p>
<p>The treatment of people suffering from chronic pain benefits from a long-term approach that makes it possible to build a relationship of trust. The time of trust is the common thread running through our symposium. Trust is often difficult to achieve for patients who have experienced trauma or neglect in their childhood and who often feel that their suffering is not sufficiently acknowledged.<br />
The first lecture is dedicated to the links between traumatic events and chronic pain and how a basis of trust can be created between a patient and their therapist so that the various other therapeutic approaches can unfold.<br />
The importance of legitimizing and accepting the complaint will be emphasized.<br />
The second lecture will focus on the benefits of hypnosis for patients with chronic pain, in particular how to provide them with a &#8216;safe place&#8217; and enable them to experience a trusting therapeutic relationship.<br />
Current evidence and thinking in these areas will be presented to facilitate application for practitioners.   </p>
<p>&nbsp;</p>
                            </div>
                        </div>
                    </div>
                                    <div class="accordion-item">
                        <div class="accordion-toggle dark">
                            <div class="infos transition">
                                <span class="text">More info</span>
                                <span class="icon-more"></span>
                                <span class="icon-less"></span>
                            </div>
                            <div class="inner">
                                <h3 class="d6 agenda-title">26) 15:30h &#8211; 16:00h Panel discussion (i, f, d, e)</h3>
                            </div>
                        </div>
                        <div class="accordion-content">
                            <div class="inner">
                                <p><strong>Panel discussion (i, f, d, e)</strong></p>
                            </div>
                        </div>
                    </div>
                            </div>
            </div>
</div>

<div  class="block block-content pb-mittel">
    <div class="main-container">
        <div class="content-container">

            
            
                            <div class="button-group">
                                   <a class="btn btn-full btn-arrow" href="https://www.sappm.ch/kongress-2025/programm/" target="_self">To the program overview</a>
                                </div>
            
        </div>
    </div>
</div>
