{"id":3414,"date":"2023-12-01T12:00:50","date_gmt":"2023-12-01T11:00:50","guid":{"rendered":"https:\/\/xawekybe.cyon.site\/?page_id=3414"},"modified":"2024-09-18T13:53:56","modified_gmt":"2024-09-18T11:53:56","slug":"sappm","status":"publish","type":"page","link":"https:\/\/www.sappm.ch\/en\/","title":{"rendered":"SAPPM"},"content":{"rendered":"\n<div class=\"block block-home-intro\">\n        <div class=\"swiper-fade pos-rel\">\n        <div class=\"swiper-wrapper\">\n                        <div class=\"swiper-slide\">\n                <img decoding=\"async\" src=\"https:\/\/www.sappm.ch\/wp-content\/uploads\/2024\/07\/121Bild-1024x715.png\" alt=\"\" \/>\n            <\/div>\n                        <div class=\"swiper-slide\">\n                <img decoding=\"async\" src=\"https:\/\/www.sappm.ch\/wp-content\/uploads\/2024\/07\/112Bild-1024x717.png\" alt=\"\" \/>\n            <\/div>\n                        <div class=\"swiper-slide\">\n                <img decoding=\"async\" src=\"https:\/\/www.sappm.ch\/wp-content\/uploads\/2024\/07\/113.Bild_-1024x714.png\" alt=\"\" \/>\n            <\/div>\n                        <div class=\"swiper-slide\">\n                <img decoding=\"async\" src=\"https:\/\/www.sappm.ch\/wp-content\/uploads\/2024\/07\/114Bild-1024x717.png\" alt=\"\" \/>\n            <\/div>\n                        <div class=\"swiper-slide\">\n                <img decoding=\"async\" src=\"https:\/\/www.sappm.ch\/wp-content\/uploads\/2024\/07\/115Bild-1024x716.png\" alt=\"\" \/>\n            <\/div>\n                        <div class=\"swiper-slide\">\n                <img decoding=\"async\" src=\"https:\/\/www.sappm.ch\/wp-content\/uploads\/2024\/07\/116Bild-1024x717.png\" alt=\"\" \/>\n            <\/div>\n                    <\/div>\n    <\/div>\n    \n\n    <div class=\"home-intro-content\">\n        <h1 class=\"d1\">Swiss Academy for Psychosomatic and Psychosocial Medicine<\/h1>\n        <a href=\"#home-content\" class=\"scroll\"><svg width=\"40\" height=\"40\" viewBox=\"0 0 40 40\" fill=\"none\" xmlns=\"http:\/\/www.w3.org\/2000\/svg\">\n<path fill-rule=\"evenodd\" clip-rule=\"evenodd\" d=\"M27.8661 37.1339C28.3543 37.622 29.1457 37.622 29.6339 37.1339L39.6339 27.1339C40.122 26.6457 40.122 25.8543 39.6339 25.3661C39.1457 24.878 38.3543 24.878 37.8661 25.3661L30 33.2322L30 8.75C30 5.29822 27.2018 2.5 23.75 2.5L3.75 2.5C3.05965 2.5 2.5 3.05965 2.5 3.75C2.5 4.44035 3.05965 5 3.75 5L23.75 5C25.8211 5 27.5 6.67893 27.5 8.75L27.5 33.2322L19.6339 25.3661C19.1457 24.878 18.3543 24.878 17.8661 25.3661C17.378 25.8543 17.378 26.6457 17.8661 27.1339L27.8661 37.1339Z\" fill=\"#11B1BB\"\/>\n<\/svg>\n<\/a>\n    <\/div>\n\n\n    <div class=\"agenda-container\">\n                    <div class=\"agenda-scrollbox standard-link\">\n                \n                           \n                    <a href=\"https:\/\/www.sappm.ch\/en\/agendakategorie\/st-galler-schmerzsymposium-2026\/\" class=\"agenda-item\" target=\"_self\">\n                        <div class=\"accordion-toggle\">\n                            <span class=\"cat-label\">Further education and training<\/span>\n                            <div class=\"inner\">\n                                <h2 class=\"d6 agenda-title\">St.Galler Schmerzsymposium 2026<\/h2>\n                                    \n                                <p>30. April 2026<\/p>\n                                                            <\/div>\n                        <\/div>\n                    <\/a>\n             \n                           \n                    <a href=\"https:\/\/www.sappm.ch\/en\/agendakategorie\/psychotherapie-als-tanz-psychosomatisch-psychotherapeutisches-kolloquium\/\" class=\"agenda-item\" target=\"_self\">\n                        <div class=\"accordion-toggle\">\n                            <span class=\"cat-label\">Further education and training<\/span>\n                            <div class=\"inner\">\n                                <h2 class=\"d6 agenda-title\">Psychotherapie als Tanz? Psychosomatisch-psychotherapeutisches Kolloquium<\/h2>\n                                    \n                                <p>30. April 2026<\/p>\n                                                            <\/div>\n                        <\/div>\n                    <\/a>\n             \n                           \n                    <a href=\"https:\/\/www.sappm.ch\/en\/agendakategorie\/speaker-tour-5\/\" class=\"agenda-item\" target=\"_self\">\n                        <div class=\"accordion-toggle\">\n                            <span class=\"cat-label\">Further education and training<\/span>\n                            <div class=\"inner\">\n                                <h2 class=\"d6 agenda-title\">Speaker Tour<\/h2>\n                                    \n                                <p>5. May 2026<\/p>\n                                                            <\/div>\n                        <\/div>\n                    <\/a>\n             \n                           \n                    <a href=\"https:\/\/www.sappm.ch\/en\/agendakategorie\/formation-interdisciplinaire-saekk\/\" class=\"agenda-item\" target=\"_self\">\n                        <div class=\"accordion-toggle\">\n                            <span class=\"cat-label\">Further education and training<\/span>\n                            <div class=\"inner\">\n                                <h2 class=\"d6 agenda-title\">4\u00e8me Formation continue interdisciplinaire SAEKK<\/h2>\n                                    \n                                <p>7. May 2026<\/p>\n                                                            <\/div>\n                        <\/div>\n                    <\/a>\n             \n                           \n                    <a href=\"https:\/\/www.sappm.ch\/en\/agendakategorie\/schlaf-bewegung-und-ernaehrung-in-der-praevention-und-komplementaeren-behandlung-von-stressfolgeerkrankungen-2\/\" class=\"agenda-item\" target=\"_self\">\n                        <div class=\"accordion-toggle\">\n                            <span class=\"cat-label\">Further education and training<\/span>\n                            <div class=\"inner\">\n                                <h2 class=\"d6 agenda-title\">Schlaf, Bewegung und Ern\u00e4hrung in der Pr\u00e4vention und komplement\u00e4ren Behandlung von Stressfolgeerkrankungen<\/h2>\n                                    \n                                <p>7. May 2026<\/p>\n                                                            <\/div>\n                        <\/div>\n                    <\/a>\n             \n                           \n                    <a href=\"https:\/\/www.sappm.ch\/en\/agendakategorie\/sps-schmerzkurs-2026\/\" class=\"agenda-item\" target=\"_self\">\n                        <div class=\"accordion-toggle\">\n                            <span class=\"cat-label\">Further education and training<\/span>\n                            <div class=\"inner\">\n                                <h2 class=\"d6 agenda-title\">SPS Schmerzkurs 2026<\/h2>\n                                    \n                                <p>8. May \u2013 12. June 2026<\/p>\n                                                            <\/div>\n                        <\/div>\n                    <\/a>\n             \n                           \n                    <a href=\"https:\/\/www.sappm.ch\/en\/agendakategorie\/sgvt-sstcc-berichte-im-anordnungsmodell-2\/\" class=\"agenda-item\" target=\"_self\">\n                        <div class=\"accordion-toggle\">\n                            <span class=\"cat-label\">Further education and training<\/span>\n                            <div class=\"inner\">\n                                <h2 class=\"d6 agenda-title\">SGVT SSTCC Berichte im Anordnungsmodell<\/h2>\n                                    \n                                <p>8. May 2026<\/p>\n                                                            <\/div>\n                        <\/div>\n                    <\/a>\n             \n                           \n                    <a href=\"https:\/\/www.sappm.ch\/en\/agendakategorie\/neu-curriculum-psychosomatische-schmerztherapie\/\" class=\"agenda-item\" target=\"_self\">\n                        <div class=\"accordion-toggle\">\n                            <span class=\"cat-label\">Partial training programmes<\/span>\n                            <div class=\"inner\">\n                                <h2 class=\"d6 agenda-title\">Curriculum Psychosomatische Schmerztherapie<\/h2>\n                                    \n                                <p>7. November 2025 \u2013 9. May 2026<\/p>\n                                                            <\/div>\n                        <\/div>\n                    <\/a>\n             \n                           \n                    <a href=\"https:\/\/www.sappm.ch\/en\/agendakategorie\/journees-balint-dannecy\/\" class=\"agenda-item\" target=\"_self\">\n                        <div class=\"accordion-toggle\">\n                            <span class=\"cat-label\">Partial training programmes<\/span>\n                            <div class=\"inner\">\n                                <h2 class=\"d6 agenda-title\">Journ\u00e9es Balint d&#8217;Annecy<\/h2>\n                                    \n                                <p>13. \u2013 16. May 2026<\/p>\n                                                            <\/div>\n                        <\/div>\n                    <\/a>\n             \n                           \n                    <a href=\"https:\/\/www.sappm.ch\/en\/agendakategorie\/funktionelle-neurologische-stoerungen-erkennen-und-behandeln\/\" class=\"agenda-item\" target=\"_self\">\n                        <div class=\"accordion-toggle\">\n                            <span class=\"cat-label\">Further education and training<\/span>\n                            <div class=\"inner\">\n                                <h2 class=\"d6 agenda-title\">Funktionelle neurologische St\u00f6rungen erkennen und behandeln<\/h2>\n                                    \n                                <p>15. \u2013 16. May 2026<\/p>\n                                                            <\/div>\n                        <\/div>\n                    <\/a>\n             \n                           \n                    <a href=\"https:\/\/www.sappm.ch\/en\/agendakategorie\/speaker-tour-7\/\" class=\"agenda-item\" target=\"_self\">\n                        <div class=\"accordion-toggle\">\n                            <span class=\"cat-label\">Further education and training<\/span>\n                            <div class=\"inner\">\n                                <h2 class=\"d6 agenda-title\">Speaker Tour<\/h2>\n                                    \n                                <p>27. May 2026<\/p>\n                                                            <\/div>\n                        <\/div>\n                    <\/a>\n             \n                           \n                    <a href=\"https:\/\/www.sappm.ch\/en\/agendakategorie\/speaker-tour-6\/\" class=\"agenda-item\" target=\"_self\">\n                        <div class=\"accordion-toggle\">\n                            <span class=\"cat-label\">Further education and training<\/span>\n                            <div class=\"inner\">\n                                <h2 class=\"d6 agenda-title\">Speaker Tour<\/h2>\n                                    \n                                <p>27. May 2026<\/p>\n                                                            <\/div>\n                        <\/div>\n                    <\/a>\n             \n                            <\/div>\n       \n        \n        <a class=\"btn btn-full btn-agenda\" href=\"https:\/\/www.sappm.ch\/en\/training\">View all training programmes<\/a>\n    <\/div>\n<\/div>\n\n\n\n\n<div id=\"home-content\" class=\"wp-block-group\"><div class=\"wp-block-group__inner-container is-layout-constrained wp-block-group-is-layout-constrained\">\n<div  class=\"block block-teaser block-text-bild pb-mittel\">\n    <div class=\"main-container\">\n        <div class=\"columns-2\">\n                        <div class=\"column bild\">\n                <img loading=\"lazy\" decoding=\"async\" width=\"600\" height=\"573\" src=\"https:\/\/www.sappm.ch\/wp-content\/uploads\/2024\/09\/333Engl-600x573.png\" class=\"attachment-medium size-medium\" alt=\"\" srcset=\"https:\/\/www.sappm.ch\/wp-content\/uploads\/2024\/09\/333Engl-600x573.png 600w, https:\/\/www.sappm.ch\/wp-content\/uploads\/2024\/09\/333Engl.png 754w\" sizes=\"auto, (max-width: 600px) 100vw, 600px\" \/>            <\/div>\n                        \n            <div class=\"column\">\n                                    <h2 class=\"d4 color-blue\">What is psychosomatic medicine?<\/h2>\n                \n                <p>Die Psychosomatische Medizin erforscht seit Jahrzehnten das Zusammenspiel von K\u00f6rper und Psyche, wenn es um die Gesundheit des Menschen geht. Psychosomatische Erkrankungen sind nicht eingebildet, ihre Entstehung ist heute wissenschaftlich beschreibbar, sie betreffen stets den Menschen als Gesamtes. <\/p>\n\n                                    <div class=\"button-group\">\n                                           <a class=\"btn btn-full btn-arrow\" href=\"https:\/\/www.sappm.ch\/was-ist-psychosomatik\/\" target=\"_self\">Learn more<\/a>\n                                        <\/div>\n                            <\/div>\n        <\/div>\n    <\/div>\n<\/div>\n\n\n<div  class=\"block block-teaser block-text-bild pb-mittel\">\n    <div class=\"main-container\">\n        <div class=\"columns-2\">\n                        <div class=\"column bild\">\n                <img loading=\"lazy\" decoding=\"async\" width=\"600\" height=\"411\" src=\"https:\/\/www.sappm.ch\/wp-content\/uploads\/2024\/06\/Bild5-e1719411234544-600x411.png\" class=\"attachment-medium size-medium\" alt=\"\" srcset=\"https:\/\/www.sappm.ch\/wp-content\/uploads\/2024\/06\/Bild5-e1719411234544-600x411.png 600w, https:\/\/www.sappm.ch\/wp-content\/uploads\/2024\/06\/Bild5-e1719411234544.png 754w\" sizes=\"auto, (max-width: 600px) 100vw, 600px\" \/>            <\/div>\n                        \n            <div class=\"column\">\n                                    <h2 class=\"d4 color-blue\">For professionals<\/h2>\n                \n                <p>SAPPM is the professional association of medical specialists specializing in psychosomatic and psychosocial medicine.<br \/>\nSAPPM is also an umbrella organization for other medical professions with a focus on the field of psychosomatic medicine. <\/p>\n\n                                    <div class=\"button-group\">\n                                           <a class=\"btn btn-full btn-arrow\" href=\"https:\/\/www.sappm.ch\/was-ist-sappm\/\" target=\"_self\">The SAPPM professional association<\/a>\n                                        <\/div>\n                            <\/div>\n        <\/div>\n    <\/div>\n<\/div>\n\n\n<div  class=\"block block-teaser block-text-bild pb-mittel\">\n    <div class=\"main-container\">\n        <div class=\"columns-2\">\n                        <div class=\"column bild\">\n                <img loading=\"lazy\" decoding=\"async\" width=\"600\" height=\"400\" src=\"https:\/\/www.sappm.ch\/wp-content\/uploads\/2024\/08\/Start0.png\" class=\"attachment-medium size-medium\" alt=\"\" \/>            <\/div>\n                        \n            <div class=\"column\">\n                                    <h2 class=\"d4 color-blue\">Doctors in my area<\/h2>\n                \n                <p>Many ailments cannot be attributed to either an organic or a psychiatric cause.<br \/>\nOther illnesses have both an organic and a psychiatric side.<br \/>\nHere you will find specialists for the whole.  <\/p>\n\n                                    <div class=\"button-group\">\n                                           <a class=\"btn btn-full btn-arrow\" href=\"https:\/\/www.sappm.ch\/aerztinnen-in-meiner-umgebung\/\" target=\"_self\">To the map<\/a>\n                                        <\/div>\n                            <\/div>\n        <\/div>\n    <\/div>\n<\/div><\/div><\/div>\n","protected":false},"excerpt":{"rendered":"","protected":false},"author":1,"featured_media":0,"parent":0,"menu_order":0,"comment_status":"closed","ping_status":"closed","template":"tpl-ohne-titel.php","meta":{"_acf_changed":false,"footnotes":""},"class_list":["post-3414","page","type-page","status-publish","hentry"],"acf":[],"_links":{"self":[{"href":"https:\/\/www.sappm.ch\/en\/wp-json\/wp\/v2\/pages\/3414","targetHints":{"allow":["GET"]}}],"collection":[{"href":"https:\/\/www.sappm.ch\/en\/wp-json\/wp\/v2\/pages"}],"about":[{"href":"https:\/\/www.sappm.ch\/en\/wp-json\/wp\/v2\/types\/page"}],"author":[{"embeddable":true,"href":"https:\/\/www.sappm.ch\/en\/wp-json\/wp\/v2\/users\/1"}],"replies":[{"embeddable":true,"href":"https:\/\/www.sappm.ch\/en\/wp-json\/wp\/v2\/comments?post=3414"}],"version-history":[{"count":1,"href":"https:\/\/www.sappm.ch\/en\/wp-json\/wp\/v2\/pages\/3414\/revisions"}],"predecessor-version":[{"id":7053,"href":"https:\/\/www.sappm.ch\/en\/wp-json\/wp\/v2\/pages\/3414\/revisions\/7053"}],"wp:attachment":[{"href":"https:\/\/www.sappm.ch\/en\/wp-json\/wp\/v2\/media?parent=3414"}],"curies":[{"name":"wp","href":"https:\/\/api.w.org\/{rel}","templated":true}]}}

<div class="block block-home-intro">
        <div class="swiper-fade pos-rel">
        <div class="swiper-wrapper">
                        <div class="swiper-slide">
                <img decoding="async" src="https://www.sappm.ch/wp-content/uploads/2024/07/121Bild-1024x715.png" alt="" />
            </div>
                        <div class="swiper-slide">
                <img decoding="async" src="https://www.sappm.ch/wp-content/uploads/2024/07/112Bild-1024x717.png" alt="" />
            </div>
                        <div class="swiper-slide">
                <img decoding="async" src="https://www.sappm.ch/wp-content/uploads/2024/07/113.Bild_-1024x714.png" alt="" />
            </div>
                        <div class="swiper-slide">
                <img decoding="async" src="https://www.sappm.ch/wp-content/uploads/2024/07/114Bild-1024x717.png" alt="" />
            </div>
                        <div class="swiper-slide">
                <img decoding="async" src="https://www.sappm.ch/wp-content/uploads/2024/07/115Bild-1024x716.png" alt="" />
            </div>
                        <div class="swiper-slide">
                <img decoding="async" src="https://www.sappm.ch/wp-content/uploads/2024/07/116Bild-1024x717.png" alt="" />
            </div>
                    </div>
    </div>
    

    <div class="home-intro-content">
        <h1 class="d1">Swiss Academy for Psychosomatic and Psychosocial Medicine</h1>
        <a href="#home-content" class="scroll"><svg width="40" height="40" viewBox="0 0 40 40" fill="none" xmlns="http://www.w3.org/2000/svg">
<path fill-rule="evenodd" clip-rule="evenodd" d="M27.8661 37.1339C28.3543 37.622 29.1457 37.622 29.6339 37.1339L39.6339 27.1339C40.122 26.6457 40.122 25.8543 39.6339 25.3661C39.1457 24.878 38.3543 24.878 37.8661 25.3661L30 33.2322L30 8.75C30 5.29822 27.2018 2.5 23.75 2.5L3.75 2.5C3.05965 2.5 2.5 3.05965 2.5 3.75C2.5 4.44035 3.05965 5 3.75 5L23.75 5C25.8211 5 27.5 6.67893 27.5 8.75L27.5 33.2322L19.6339 25.3661C19.1457 24.878 18.3543 24.878 17.8661 25.3661C17.378 25.8543 17.378 26.6457 17.8661 27.1339L27.8661 37.1339Z" fill="#11B1BB"/>
</svg>
</a>
    </div>


    <div class="agenda-container">
                    <div class="agenda-scrollbox standard-link">
                
                           
                    <a href="https://www.sappm.ch/en/agendakategorie/st-galler-schmerzsymposium-2026/" class="agenda-item" target="_self">
                        <div class="accordion-toggle">
                            <span class="cat-label">Further education and training</span>
                            <div class="inner">
                                <h2 class="d6 agenda-title">St.Galler Schmerzsymposium 2026</h2>
                                    
                                <p>30. April 2026</p>
                                                            </div>
                        </div>
                    </a>
             
                           
                    <a href="https://www.sappm.ch/en/agendakategorie/psychotherapie-als-tanz-psychosomatisch-psychotherapeutisches-kolloquium/" class="agenda-item" target="_self">
                        <div class="accordion-toggle">
                            <span class="cat-label">Further education and training</span>
                            <div class="inner">
                                <h2 class="d6 agenda-title">Psychotherapie als Tanz? Psychosomatisch-psychotherapeutisches Kolloquium</h2>
                                    
                                <p>30. April 2026</p>
                                                            </div>
                        </div>
                    </a>
             
                           
                    <a href="https://www.sappm.ch/en/agendakategorie/speaker-tour-5/" class="agenda-item" target="_self">
                        <div class="accordion-toggle">
                            <span class="cat-label">Further education and training</span>
                            <div class="inner">
                                <h2 class="d6 agenda-title">Speaker Tour</h2>
                                    
                                <p>5. May 2026</p>
                                                            </div>
                        </div>
                    </a>
             
                           
                    <a href="https://www.sappm.ch/en/agendakategorie/formation-interdisciplinaire-saekk/" class="agenda-item" target="_self">
                        <div class="accordion-toggle">
                            <span class="cat-label">Further education and training</span>
                            <div class="inner">
                                <h2 class="d6 agenda-title">4ème Formation continue interdisciplinaire SAEKK</h2>
                                    
                                <p>7. May 2026</p>
                                                            </div>
                        </div>
                    </a>
             
                           
                    <a href="https://www.sappm.ch/en/agendakategorie/schlaf-bewegung-und-ernaehrung-in-der-praevention-und-komplementaeren-behandlung-von-stressfolgeerkrankungen-2/" class="agenda-item" target="_self">
                        <div class="accordion-toggle">
                            <span class="cat-label">Further education and training</span>
                            <div class="inner">
                                <h2 class="d6 agenda-title">Schlaf, Bewegung und Ernährung in der Prävention und komplementären Behandlung von Stressfolgeerkrankungen</h2>
                                    
                                <p>7. May 2026</p>
                                                            </div>
                        </div>
                    </a>
             
                           
                    <a href="https://www.sappm.ch/en/agendakategorie/sps-schmerzkurs-2026/" class="agenda-item" target="_self">
                        <div class="accordion-toggle">
                            <span class="cat-label">Further education and training</span>
                            <div class="inner">
                                <h2 class="d6 agenda-title">SPS Schmerzkurs 2026</h2>
                                    
                                <p>8. May – 12. June 2026</p>
                                                            </div>
                        </div>
                    </a>
             
                           
                    <a href="https://www.sappm.ch/en/agendakategorie/sgvt-sstcc-berichte-im-anordnungsmodell-2/" class="agenda-item" target="_self">
                        <div class="accordion-toggle">
                            <span class="cat-label">Further education and training</span>
                            <div class="inner">
                                <h2 class="d6 agenda-title">SGVT SSTCC Berichte im Anordnungsmodell</h2>
                                    
                                <p>8. May 2026</p>
                                                            </div>
                        </div>
                    </a>
             
                           
                    <a href="https://www.sappm.ch/en/agendakategorie/neu-curriculum-psychosomatische-schmerztherapie/" class="agenda-item" target="_self">
                        <div class="accordion-toggle">
                            <span class="cat-label">Partial training programmes</span>
                            <div class="inner">
                                <h2 class="d6 agenda-title">Curriculum Psychosomatische Schmerztherapie</h2>
                                    
                                <p>7. November 2025 – 9. May 2026</p>
                                                            </div>
                        </div>
                    </a>
             
                           
                    <a href="https://www.sappm.ch/en/agendakategorie/journees-balint-dannecy/" class="agenda-item" target="_self">
                        <div class="accordion-toggle">
                            <span class="cat-label">Partial training programmes</span>
                            <div class="inner">
                                <h2 class="d6 agenda-title">Journées Balint d&#8217;Annecy</h2>
                                    
                                <p>13. – 16. May 2026</p>
                                                            </div>
                        </div>
                    </a>
             
                           
                    <a href="https://www.sappm.ch/en/agendakategorie/funktionelle-neurologische-stoerungen-erkennen-und-behandeln/" class="agenda-item" target="_self">
                        <div class="accordion-toggle">
                            <span class="cat-label">Further education and training</span>
                            <div class="inner">
                                <h2 class="d6 agenda-title">Funktionelle neurologische Störungen erkennen und behandeln</h2>
                                    
                                <p>15. – 16. May 2026</p>
                                                            </div>
                        </div>
                    </a>
             
                           
                    <a href="https://www.sappm.ch/en/agendakategorie/speaker-tour-7/" class="agenda-item" target="_self">
                        <div class="accordion-toggle">
                            <span class="cat-label">Further education and training</span>
                            <div class="inner">
                                <h2 class="d6 agenda-title">Speaker Tour</h2>
                                    
                                <p>27. May 2026</p>
                                                            </div>
                        </div>
                    </a>
             
                           
                    <a href="https://www.sappm.ch/en/agendakategorie/speaker-tour-6/" class="agenda-item" target="_self">
                        <div class="accordion-toggle">
                            <span class="cat-label">Further education and training</span>
                            <div class="inner">
                                <h2 class="d6 agenda-title">Speaker Tour</h2>
                                    
                                <p>27. May 2026</p>
                                                            </div>
                        </div>
                    </a>
             
                            </div>
       
        
        <a class="btn btn-full btn-agenda" href="https://www.sappm.ch/en/training">View all training programmes</a>
    </div>
</div>




<div id="home-content" class="wp-block-group"><div class="wp-block-group__inner-container is-layout-constrained wp-block-group-is-layout-constrained">
<div  class="block block-teaser block-text-bild pb-mittel">
    <div class="main-container">
        <div class="columns-2">
                        <div class="column bild">
                <img loading="lazy" decoding="async" width="600" height="573" src="https://www.sappm.ch/wp-content/uploads/2024/09/333Engl-600x573.png" class="attachment-medium size-medium" alt="" srcset="https://www.sappm.ch/wp-content/uploads/2024/09/333Engl-600x573.png 600w, https://www.sappm.ch/wp-content/uploads/2024/09/333Engl.png 754w" sizes="auto, (max-width: 600px) 100vw, 600px" />            </div>
                        
            <div class="column">
                                    <h2 class="d4 color-blue">What is psychosomatic medicine?</h2>
                
                <p>Die Psychosomatische Medizin erforscht seit Jahrzehnten das Zusammenspiel von Körper und Psyche, wenn es um die Gesundheit des Menschen geht. Psychosomatische Erkrankungen sind nicht eingebildet, ihre Entstehung ist heute wissenschaftlich beschreibbar, sie betreffen stets den Menschen als Gesamtes. </p>

                                    <div class="button-group">
                                           <a class="btn btn-full btn-arrow" href="https://www.sappm.ch/was-ist-psychosomatik/" target="_self">Learn more</a>
                                        </div>
                            </div>
        </div>
    </div>
</div>


<div  class="block block-teaser block-text-bild pb-mittel">
    <div class="main-container">
        <div class="columns-2">
                        <div class="column bild">
                <img loading="lazy" decoding="async" width="600" height="411" src="https://www.sappm.ch/wp-content/uploads/2024/06/Bild5-e1719411234544-600x411.png" class="attachment-medium size-medium" alt="" srcset="https://www.sappm.ch/wp-content/uploads/2024/06/Bild5-e1719411234544-600x411.png 600w, https://www.sappm.ch/wp-content/uploads/2024/06/Bild5-e1719411234544.png 754w" sizes="auto, (max-width: 600px) 100vw, 600px" />            </div>
                        
            <div class="column">
                                    <h2 class="d4 color-blue">For professionals</h2>
                
                <p>SAPPM is the professional association of medical specialists specializing in psychosomatic and psychosocial medicine.<br />
SAPPM is also an umbrella organization for other medical professions with a focus on the field of psychosomatic medicine. </p>

                                    <div class="button-group">
                                           <a class="btn btn-full btn-arrow" href="https://www.sappm.ch/was-ist-sappm/" target="_self">The SAPPM professional association</a>
                                        </div>
                            </div>
        </div>
    </div>
</div>


<div  class="block block-teaser block-text-bild pb-mittel">
    <div class="main-container">
        <div class="columns-2">
                        <div class="column bild">
                <img loading="lazy" decoding="async" width="600" height="400" src="https://www.sappm.ch/wp-content/uploads/2024/08/Start0.png" class="attachment-medium size-medium" alt="" />            </div>
                        
            <div class="column">
                                    <h2 class="d4 color-blue">Doctors in my area</h2>
                
                <p>Many ailments cannot be attributed to either an organic or a psychiatric cause.<br />
Other illnesses have both an organic and a psychiatric side.<br />
Here you will find specialists for the whole.  </p>

                                    <div class="button-group">
                                           <a class="btn btn-full btn-arrow" href="https://www.sappm.ch/aerztinnen-in-meiner-umgebung/" target="_self">To the map</a>
                                        </div>
                            </div>
        </div>
    </div>
</div></div></div>
