{"id":4762,"date":"2023-12-01T14:34:09","date_gmt":"2023-12-01T13:34:09","guid":{"rendered":"https:\/\/xawekybe.cyon.site\/?page_id=4762"},"modified":"2025-09-11T14:24:56","modified_gmt":"2025-09-11T12:24:56","slug":"scientific-advisory-board-wbr","status":"publish","type":"page","link":"https:\/\/www.sappm.ch\/en\/scientific-advisory-board-wbr\/","title":{"rendered":"Scientific Advisory Board (WBR)"},"content":{"rendered":"\n<div  class=\"block block-lead bg-element pb-mittel\">\n    <div class=\"main-container\">\n        <div class=\"content-container lead-font-size\">\n            The Scientific Advisory Board (WBR) has the task of advising the SAPPM in matters of research and education, further education and training and takes into account special requests from the Board of Directors and the Assembly of Delegates.\r\nTopics include the integration of new findings from research, economic and insurance-related medical issues, institutional networking and the expansion of the academic position of the discipline in Switzerland.        <\/div>\n    <\/div>\n<\/div>\n<div  class=\"block block-content pb-mittel\">\n    <div class=\"main-container\">\n        <div class=\"content-container\">\n\n                            <h2 class=\"d5\">Members<\/h2>\n            \n            <p class=\"bodytext\"><strong>Dr. med. No\u00ebmi Zurr\u00f3n, Coordination<br \/>\n<\/strong><\/p>\n<p class=\"bodytext\">FMH Anesthesiology<br \/>\nCabinet Inspsyration, Route du Midi 12A, 1723 Marly<br \/>\nAtelier Kaleidoscope, Av. de la Gare 2, 3960 Sierre <\/p>\n\n            \n        <\/div>\n    <\/div>\n<\/div>\n<div  class=\"block block-content pb-mittel\">\n    <div class=\"main-container\">\n        <div class=\"content-container\">\n\n            \n            <p class=\"bodytext\"><strong>Prof. Dr. med. Anne-Fran\u00e7oise Allaz<\/strong><\/p>\n<p class=\"bodytext\">FMH General Internal Medicine, HUG Geneva<\/p>\n\n            \n        <\/div>\n    <\/div>\n<\/div>\n<div  class=\"block block-content pb-mittel\">\n    <div class=\"main-container\">\n        <div class=\"content-container\">\n\n            \n            <p class=\"bodytext\"><strong>Prof. Dr. med. Selma Aybek<\/strong><\/p>\n<p class=\"bodytext\">FMH Neurology, University of Fribourg<\/p>\n\n            \n        <\/div>\n    <\/div>\n<\/div>\n<div  class=\"block block-content pb-mittel\">\n    <div class=\"main-container\">\n        <div class=\"content-container\">\n\n            \n            <p class=\"bodytext\"><strong>Prof. Dr. med. Chantal Berna Renella<\/strong><\/p>\n<p class=\"bodytext\">FMH M\u00e9decine Interne G\u00e9n\u00e9rale, responsable du Centre de m\u00e9decine int\u00e9grative et compl\u00e9mentaire, Centre hospitalier universitaire Vaudois<\/p>\n\n            \n        <\/div>\n    <\/div>\n<\/div>\n<div  class=\"block block-content pb-mittel\">\n    <div class=\"main-container\">\n        <div class=\"content-container\">\n\n            \n            <p class=\"bodytext\"><strong>Dr. med. Nina Bischoff<\/strong><br \/>\nFMH General Internal Medicine, Head Physician, University Department of Psychosomatic Medicine Inselspital Bern<\/p>\n\n            \n        <\/div>\n    <\/div>\n<\/div>\n<div  class=\"block block-content pb-mittel\">\n    <div class=\"main-container\">\n        <div class=\"content-container\">\n\n            \n            <p class=\"bodytext\"><strong>Prof. Dr. psych. Christine Cedraschi <\/strong><\/p>\n<p class=\"bodytext\">Psychologue agr\u00e9g\u00e9e, Service de M\u00e9decine Interne de R\u00e9habilitation, HUG Gen\u00e8ve<\/p>\n\n            \n        <\/div>\n    <\/div>\n<\/div>\n<div  class=\"block block-content pb-mittel\">\n    <div class=\"main-container\">\n        <div class=\"content-container\">\n\n            \n            <p class=\"bodytext\"><strong>PD Dr. med. Niklaus Egloff<\/strong><\/p>\n<p class=\"bodytext\">FMH General Internal Medicine, Plagne<\/p>\n\n            \n        <\/div>\n    <\/div>\n<\/div>\n<div  class=\"block block-content pb-mittel\">\n    <div class=\"main-container\">\n        <div class=\"content-container\">\n\n            \n            <p class=\"bodytext\"><strong>Prof. Dr. med. Sabina Hunziker<\/strong><\/p>\n<p class=\"bodytext\">FMH General Internal Medicine, Psychosomatics USB Basel<\/p>\n\n            \n        <\/div>\n    <\/div>\n<\/div>\n<div  class=\"block block-content pb-mittel\">\n    <div class=\"main-container\">\n        <div class=\"content-container\">\n\n            \n            <p class=\"bodytext\"><strong>Dr. med. Josef Laimbacher<\/strong><\/p>\n<p class=\"bodytext\">FMH Pediatrics, Eastern Switzerland Children&#8217;s Hospital St. Gallen<\/p>\n\n            \n        <\/div>\n    <\/div>\n<\/div>\n<div  class=\"block block-content pb-mittel\">\n    <div class=\"main-container\">\n        <div class=\"content-container\">\n\n            \n            <p class=\"bodytext\"><strong>Prof. Dr. med. Giovanni Maio  <\/strong><\/p>\n<p class=\"bodytext\">Medical Ethics Albert-Ludwigs-Universit\u00e4t Freiburg (D)<\/p>\n\n            \n        <\/div>\n    <\/div>\n<\/div>\n<div  class=\"block block-content pb-mittel\">\n    <div class=\"main-container\">\n        <div class=\"content-container\">\n\n            \n            <p class=\"bodytext\"><strong>Prof. Dr. med. Pierre-Yves Rodondi<\/strong><\/p>\n<p class=\"bodytext\">FMH M\u00e9decine Interne G\u00e9n\u00e9rale, directeur de l&#8217;Institut de m\u00e9decine de famille, Universit\u00e9 de Fribourg<\/p>\n\n            \n        <\/div>\n    <\/div>\n<\/div>\n<div  class=\"block block-content pb-mittel\">\n    <div class=\"main-container\">\n        <div class=\"content-container\">\n\n            \n            <p class=\"bodytext\"><strong>Prof. Dr. med. Rainer Sch\u00e4fert<\/strong><\/p>\n<p class=\"bodytext\">FMH General Internal Medicine, Psychosomatics USB Basel<\/p>\n\n            \n        <\/div>\n    <\/div>\n<\/div>\n<div  class=\"block block-content pb-mittel\">\n    <div class=\"main-container\">\n        <div class=\"content-container\">\n\n            \n            <p class=\"bodytext\"><strong>Prof. Dr. med. Roland von K\u00e4nel<\/strong><\/p>\n<p class=\"bodytext\">FMH Psychiatry and Psychotherapy and FMH General Internal Medicine, Director of the Clinic for Consultant Psychiatry and Psychosomatics, University Hospital Zurich<\/p>\n\n            \n        <\/div>\n    <\/div>\n<\/div>\n<div  class=\"block block-content pb-mittel\">\n    <div class=\"main-container\">\n        <div class=\"content-container\">\n\n            \n            <p class=\"bodytext\"><strong>Dr. med. Christian W\u00fcthrich<\/strong><\/p>\n<p class=\"bodytext\">FMH Pediatrics and Adolescent Psychiatry, Bern<\/p>\n\n                            <div class=\"button-group\">\n                                   <a class=\"btn btn-full btn-arrow\" href=\"https:\/\/www.sappm.ch\/was-ist-sappm\/\" target=\"_self\">The SAPPM professional association<\/a>\n                                <\/div>\n            \n        <\/div>\n    <\/div>\n<\/div>","protected":false},"excerpt":{"rendered":"","protected":false},"author":1,"featured_media":0,"parent":0,"menu_order":0,"comment_status":"closed","ping_status":"closed","template":"","meta":{"_acf_changed":false,"footnotes":""},"class_list":["post-4762","page","type-page","status-publish","hentry"],"acf":[],"_links":{"self":[{"href":"https:\/\/www.sappm.ch\/en\/wp-json\/wp\/v2\/pages\/4762","targetHints":{"allow":["GET"]}}],"collection":[{"href":"https:\/\/www.sappm.ch\/en\/wp-json\/wp\/v2\/pages"}],"about":[{"href":"https:\/\/www.sappm.ch\/en\/wp-json\/wp\/v2\/types\/page"}],"author":[{"embeddable":true,"href":"https:\/\/www.sappm.ch\/en\/wp-json\/wp\/v2\/users\/1"}],"replies":[{"embeddable":true,"href":"https:\/\/www.sappm.ch\/en\/wp-json\/wp\/v2\/comments?post=4762"}],"version-history":[{"count":2,"href":"https:\/\/www.sappm.ch\/en\/wp-json\/wp\/v2\/pages\/4762\/revisions"}],"predecessor-version":[{"id":17690,"href":"https:\/\/www.sappm.ch\/en\/wp-json\/wp\/v2\/pages\/4762\/revisions\/17690"}],"wp:attachment":[{"href":"https:\/\/www.sappm.ch\/en\/wp-json\/wp\/v2\/media?parent=4762"}],"curies":[{"name":"wp","href":"https:\/\/api.w.org\/{rel}","templated":true}]}}

<div  class="block block-lead bg-element pb-mittel">
    <div class="main-container">
        <div class="content-container lead-font-size">
            The Scientific Advisory Board (WBR) has the task of advising the SAPPM in matters of research and education, further education and training and takes into account special requests from the Board of Directors and the Assembly of Delegates.
Topics include the integration of new findings from research, economic and insurance-related medical issues, institutional networking and the expansion of the academic position of the discipline in Switzerland.        </div>
    </div>
</div>
<div  class="block block-content pb-mittel">
    <div class="main-container">
        <div class="content-container">

                            <h2 class="d5">Members</h2>
            
            <p class="bodytext"><strong>Dr. med. Noëmi Zurrón, Coordination<br />
</strong></p>
<p class="bodytext">FMH Anesthesiology<br />
Cabinet Inspsyration, Route du Midi 12A, 1723 Marly<br />
Atelier Kaleidoscope, Av. de la Gare 2, 3960 Sierre </p>

            
        </div>
    </div>
</div>
<div  class="block block-content pb-mittel">
    <div class="main-container">
        <div class="content-container">

            
            <p class="bodytext"><strong>Prof. Dr. med. Anne-Françoise Allaz</strong></p>
<p class="bodytext">FMH General Internal Medicine, HUG Geneva</p>

            
        </div>
    </div>
</div>
<div  class="block block-content pb-mittel">
    <div class="main-container">
        <div class="content-container">

            
            <p class="bodytext"><strong>Prof. Dr. med. Selma Aybek</strong></p>
<p class="bodytext">FMH Neurology, University of Fribourg</p>

            
        </div>
    </div>
</div>
<div  class="block block-content pb-mittel">
    <div class="main-container">
        <div class="content-container">

            
            <p class="bodytext"><strong>Prof. Dr. med. Chantal Berna Renella</strong></p>
<p class="bodytext">FMH Médecine Interne Générale, responsable du Centre de médecine intégrative et complémentaire, Centre hospitalier universitaire Vaudois</p>

            
        </div>
    </div>
</div>
<div  class="block block-content pb-mittel">
    <div class="main-container">
        <div class="content-container">

            
            <p class="bodytext"><strong>Dr. med. Nina Bischoff</strong><br />
FMH General Internal Medicine, Head Physician, University Department of Psychosomatic Medicine Inselspital Bern</p>

            
        </div>
    </div>
</div>
<div  class="block block-content pb-mittel">
    <div class="main-container">
        <div class="content-container">

            
            <p class="bodytext"><strong>Prof. Dr. psych. Christine Cedraschi </strong></p>
<p class="bodytext">Psychologue agrégée, Service de Médecine Interne de Réhabilitation, HUG Genève</p>

            
        </div>
    </div>
</div>
<div  class="block block-content pb-mittel">
    <div class="main-container">
        <div class="content-container">

            
            <p class="bodytext"><strong>PD Dr. med. Niklaus Egloff</strong></p>
<p class="bodytext">FMH General Internal Medicine, Plagne</p>

            
        </div>
    </div>
</div>
<div  class="block block-content pb-mittel">
    <div class="main-container">
        <div class="content-container">

            
            <p class="bodytext"><strong>Prof. Dr. med. Sabina Hunziker</strong></p>
<p class="bodytext">FMH General Internal Medicine, Psychosomatics USB Basel</p>

            
        </div>
    </div>
</div>
<div  class="block block-content pb-mittel">
    <div class="main-container">
        <div class="content-container">

            
            <p class="bodytext"><strong>Dr. med. Josef Laimbacher</strong></p>
<p class="bodytext">FMH Pediatrics, Eastern Switzerland Children&#8217;s Hospital St. Gallen</p>

            
        </div>
    </div>
</div>
<div  class="block block-content pb-mittel">
    <div class="main-container">
        <div class="content-container">

            
            <p class="bodytext"><strong>Prof. Dr. med. Giovanni Maio  </strong></p>
<p class="bodytext">Medical Ethics Albert-Ludwigs-Universität Freiburg (D)</p>

            
        </div>
    </div>
</div>
<div  class="block block-content pb-mittel">
    <div class="main-container">
        <div class="content-container">

            
            <p class="bodytext"><strong>Prof. Dr. med. Pierre-Yves Rodondi</strong></p>
<p class="bodytext">FMH Médecine Interne Générale, directeur de l&#8217;Institut de médecine de famille, Université de Fribourg</p>

            
        </div>
    </div>
</div>
<div  class="block block-content pb-mittel">
    <div class="main-container">
        <div class="content-container">

            
            <p class="bodytext"><strong>Prof. Dr. med. Rainer Schäfert</strong></p>
<p class="bodytext">FMH General Internal Medicine, Psychosomatics USB Basel</p>

            
        </div>
    </div>
</div>
<div  class="block block-content pb-mittel">
    <div class="main-container">
        <div class="content-container">

            
            <p class="bodytext"><strong>Prof. Dr. med. Roland von Känel</strong></p>
<p class="bodytext">FMH Psychiatry and Psychotherapy and FMH General Internal Medicine, Director of the Clinic for Consultant Psychiatry and Psychosomatics, University Hospital Zurich</p>

            
        </div>
    </div>
</div>
<div  class="block block-content pb-mittel">
    <div class="main-container">
        <div class="content-container">

            
            <p class="bodytext"><strong>Dr. med. Christian Wüthrich</strong></p>
<p class="bodytext">FMH Pediatrics and Adolescent Psychiatry, Bern</p>

                            <div class="button-group">
                                   <a class="btn btn-full btn-arrow" href="https://www.sappm.ch/was-ist-sappm/" target="_self">The SAPPM professional association</a>
                                </div>
            
        </div>
    </div>
</div>
