{"id":12142,"date":"2025-02-14T17:55:26","date_gmt":"2025-02-14T16:55:26","guid":{"rendered":"https:\/\/www.sappm.ch\/?page_id=12142"},"modified":"2025-09-26T09:59:08","modified_gmt":"2025-09-26T07:59:08","slug":"partenaires","status":"publish","type":"page","link":"https:\/\/www.sappm.ch\/fr\/congres-annuel\/partenaires\/","title":{"rendered":"Partenaires"},"content":{"rendered":"\n<div  class=\"block block-lead bg-element pb-mittel\">\n    <div class=\"main-container\">\n        <div class=\"content-container lead-font-size\">\n            Apr\u00e8s le grand succ\u00e8s de l&rsquo;exposition des cliniques \u00e0 Bienne en 2023, nous nous r\u00e9jouissons de pouvoir \u00e0 nouveau offrir aux cliniques disposant de services psychosomatiques, ainsi qu&rsquo;\u00e0 d&rsquo;autres institutions m\u00e9dicales, leur propre \u00ab\u00a0vitrine\u00a0\u00bb au congr\u00e8s ; que ce soit sur notre site web du congr\u00e8s &#8211; ou mieux encore &#8211; avec leur propre stand dans la pittoresque galerie du Palazzo Civico \u00e0 Bellinzona.  \r\n\r\nL&rsquo;exposition est un moyen simple d&rsquo;entrer en contact direct avec les prescripteurs et les professionnels. Nous sommes certains que les stands attireront \u00e0 nouveau les participants au congr\u00e8s. \r\n        <\/div>\n    <\/div>\n<\/div>\n<div  class=\"block block-content pb-mittel\">\n    <div class=\"main-container\">\n        <div class=\"content-container\">\n\n            \n            <h2><img loading=\"lazy\" decoding=\"async\" class=\"alignnone wp-image-17806 size-large\" src=\"https:\/\/www.sappm.ch\/wp-content\/uploads\/2025\/09\/Plan-ohne-Masse-1024x571.png\" alt=\"\" width=\"1024\" height=\"571\" srcset=\"https:\/\/www.sappm.ch\/wp-content\/uploads\/2025\/09\/Plan-ohne-Masse-1024x571.png 1024w, https:\/\/www.sappm.ch\/wp-content\/uploads\/2025\/09\/Plan-ohne-Masse-600x335.png 600w, https:\/\/www.sappm.ch\/wp-content\/uploads\/2025\/09\/Plan-ohne-Masse-768x428.png 768w, https:\/\/www.sappm.ch\/wp-content\/uploads\/2025\/09\/Plan-ohne-Masse.png 1099w\" sizes=\"auto, (max-width: 1024px) 100vw, 1024px\" \/><\/h2>\n<p>&nbsp;<\/p>\n\n            \n        <\/div>\n    <\/div>\n<\/div>\n<div  class=\"block block-content pb-mittel\">\n    <div class=\"main-container\">\n        <div class=\"content-container\">\n\n            \n            <h2>Nous vous remercions pour votre partenariat et votre soutien :<\/h2>\n<ul>\n<li>ASMPP Groupe r\u00e9gional Ti-PSISO<\/li>\n<li>Amiconi Consulting SA<\/li>\n<li>Tourisme du Tessin<\/li>\n<li>Association tessinoise des psychologues<\/li>\n<li>OMCT (Ordine de medici del canton Ticino)<\/li>\n<li>UMCT (Ufficio medico cantonale Ticino)<\/li>\n<li>USI (Facult\u00e9 de biom\u00e9decine)<\/li>\n<li>Berner Klinik, Crans-Montana<\/li>\n<li>Clinique Genevoise \/ HUG, Crans-Montana<\/li>\n<li>Clinique Le Noirmont, Le Noirmont<\/li>\n<li>Klinik Oberwaid, St. Gallen<\/li>\n<li>Klinik Sch\u00fctzen, Rheinfelden<\/li>\n<li>Rehaklinik Hasliberg, Hasliberg<\/li>\n<li>Mime Lukas Dreyfus<\/li>\n<\/ul>\n\n            \n        <\/div>\n    <\/div>\n<\/div>\n<div  class=\"block block-text-bild pb-mittel\">\n    <div class=\"main-container\">\n\n        <div class=\"columns-2\">\n                        \n            <div class=\"column\">\n                \n                \n                            <\/div>\n        <\/div>\n\n    <\/div>\n<\/div>","protected":false},"excerpt":{"rendered":"","protected":false},"author":3,"featured_media":0,"parent":10323,"menu_order":0,"comment_status":"closed","ping_status":"closed","template":"tpl-kongress.php","meta":{"_acf_changed":false,"footnotes":""},"class_list":["post-12142","page","type-page","status-publish","hentry"],"acf":[],"_links":{"self":[{"href":"https:\/\/www.sappm.ch\/fr\/wp-json\/wp\/v2\/pages\/12142","targetHints":{"allow":["GET"]}}],"collection":[{"href":"https:\/\/www.sappm.ch\/fr\/wp-json\/wp\/v2\/pages"}],"about":[{"href":"https:\/\/www.sappm.ch\/fr\/wp-json\/wp\/v2\/types\/page"}],"author":[{"embeddable":true,"href":"https:\/\/www.sappm.ch\/fr\/wp-json\/wp\/v2\/users\/3"}],"replies":[{"embeddable":true,"href":"https:\/\/www.sappm.ch\/fr\/wp-json\/wp\/v2\/comments?post=12142"}],"version-history":[{"count":7,"href":"https:\/\/www.sappm.ch\/fr\/wp-json\/wp\/v2\/pages\/12142\/revisions"}],"predecessor-version":[{"id":18033,"href":"https:\/\/www.sappm.ch\/fr\/wp-json\/wp\/v2\/pages\/12142\/revisions\/18033"}],"up":[{"embeddable":true,"href":"https:\/\/www.sappm.ch\/fr\/wp-json\/wp\/v2\/pages\/10323"}],"wp:attachment":[{"href":"https:\/\/www.sappm.ch\/fr\/wp-json\/wp\/v2\/media?parent=12142"}],"curies":[{"name":"wp","href":"https:\/\/api.w.org\/{rel}","templated":true}]}}

<div  class="block block-lead bg-element pb-mittel">
    <div class="main-container">
        <div class="content-container lead-font-size">
            Après le grand succès de l&rsquo;exposition des cliniques à Bienne en 2023, nous nous réjouissons de pouvoir à nouveau offrir aux cliniques disposant de services psychosomatiques, ainsi qu&rsquo;à d&rsquo;autres institutions médicales, leur propre « vitrine » au congrès ; que ce soit sur notre site web du congrès &#8211; ou mieux encore &#8211; avec leur propre stand dans la pittoresque galerie du Palazzo Civico à Bellinzona.  

L&rsquo;exposition est un moyen simple d&rsquo;entrer en contact direct avec les prescripteurs et les professionnels. Nous sommes certains que les stands attireront à nouveau les participants au congrès. 
        </div>
    </div>
</div>
<div  class="block block-content pb-mittel">
    <div class="main-container">
        <div class="content-container">

            
            <h2><img loading="lazy" decoding="async" class="alignnone wp-image-17806 size-large" src="https://www.sappm.ch/wp-content/uploads/2025/09/Plan-ohne-Masse-1024x571.png" alt="" width="1024" height="571" srcset="https://www.sappm.ch/wp-content/uploads/2025/09/Plan-ohne-Masse-1024x571.png 1024w, https://www.sappm.ch/wp-content/uploads/2025/09/Plan-ohne-Masse-600x335.png 600w, https://www.sappm.ch/wp-content/uploads/2025/09/Plan-ohne-Masse-768x428.png 768w, https://www.sappm.ch/wp-content/uploads/2025/09/Plan-ohne-Masse.png 1099w" sizes="auto, (max-width: 1024px) 100vw, 1024px" /></h2>
<p>&nbsp;</p>

            
        </div>
    </div>
</div>
<div  class="block block-content pb-mittel">
    <div class="main-container">
        <div class="content-container">

            
            <h2>Nous vous remercions pour votre partenariat et votre soutien :</h2>
<ul>
<li>ASMPP Groupe régional Ti-PSISO</li>
<li>Amiconi Consulting SA</li>
<li>Tourisme du Tessin</li>
<li>Association tessinoise des psychologues</li>
<li>OMCT (Ordine de medici del canton Ticino)</li>
<li>UMCT (Ufficio medico cantonale Ticino)</li>
<li>USI (Faculté de biomédecine)</li>
<li>Berner Klinik, Crans-Montana</li>
<li>Clinique Genevoise / HUG, Crans-Montana</li>
<li>Clinique Le Noirmont, Le Noirmont</li>
<li>Klinik Oberwaid, St. Gallen</li>
<li>Klinik Schützen, Rheinfelden</li>
<li>Rehaklinik Hasliberg, Hasliberg</li>
<li>Mime Lukas Dreyfus</li>
</ul>

            
        </div>
    </div>
</div>
<div  class="block block-text-bild pb-mittel">
    <div class="main-container">

        <div class="columns-2">
                        
            <div class="column">
                
                
                            </div>
        </div>

    </div>
</div>
