{"id":3834,"date":"2024-07-05T10:24:31","date_gmt":"2024-07-05T08:24:31","guid":{"rendered":"https:\/\/xawekybe.cyon.site\/?page_id=3834"},"modified":"2024-08-15T11:28:21","modified_gmt":"2024-08-15T09:28:21","slug":"groupe-regional-nord-est","status":"publish","type":"page","link":"https:\/\/www.sappm.ch\/fr\/groupes-regionaux-specialises-et-de-travail-rpt\/groupe-regional-nord-est\/","title":{"rendered":"Groupe r\u00e9gional Nord-Est"},"content":{"rendered":"\n<div  class=\"block block-image main-container pb-mittel\">\n    <div class=\"image-container\">\n            <\/div>\n    \n    \n    <\/div>\n\n\n<div  class=\"block block-content pb-mittel\">\n    <div class=\"main-container\">\n        <div class=\"content-container\">\n\n            \n            <p>Nous nous sommes fix\u00e9s pour objectif d&rsquo;enseigner la psychosomatique de mani\u00e8re pratique tout au long de la vie et de mettre en place des r\u00e9seaux. Le groupe de travail propose des formations compl\u00e9mentaires aux instituts de formation continue bien connus en Suisse al\u00e9manique, \u00e0 Zurich et \u00e0 B\u00e2le, dans le but de soutenir l&rsquo;application et l&rsquo;int\u00e9gration cliniques. Le contenu doit permettre de se familiariser avec l&rsquo;identit\u00e9 psychosomatique, la gestion des relations et l&rsquo;attitude th\u00e9rapeutique.<\/p>\n<p>Les titulaires de la formation approfondie interdisciplinaire en m\u00e9decine psychosomatique et psychosociale ASMP ainsi que les coll\u00e8gues int\u00e9ress\u00e9s sans titre de formation approfondie sont invit\u00e9s \u00e0 se mettre en r\u00e9seau par notre interm\u00e9diaire et \u00e0 entretenir un \u00e9change commun.<\/p>\n<p>Actuellement, notre activit\u00e9 se concentre sur l&rsquo;organisation du symposium annuel de psychosomatique de Suisse orientale. Une extension future \u00e0 des offres pratiques telles que l&rsquo;intervision, la supervision et le travail Balint est envisag\u00e9e.<\/p>\n<p>Nous aimerions \u00e9galement accueillir des coll\u00e8gues \u00e9tablis dans notre cercle afin de faire avancer le r\u00e9seau et d&rsquo;intensifier l&rsquo;\u00e9change entre les cliniciens et les praticiens.<\/p>\n<p>Toute personne int\u00e9ress\u00e9e et d\u00e9sireuse de participer \u00e0 la r\u00e9flexion et \u00e0 l&rsquo;\u00e9laboration active du projet est invit\u00e9e \u00e0 s&rsquo;inscrire \u00e0 l&rsquo;adresse suivante : christian.henkel@kispisg.ch <a href=\"mailto:Christian.Henkel@kispisg.ch\">ou <\/a>doris.straus@oberwaid.ch<\/p>\n<p>Pour le groupe de travail :<\/p>\n<ul>\n<li>PD Dr. med. Dagmar Schmid, Clinique de psychosomatique et de psychiatrie de consultation, H\u00f4pital cantonal de Saint-Gall<\/li>\n<li>Dr. med. Doris Straus, Psychosomatique, psychiatrie et psychoth\u00e9rapie, clinique Oberwaid, St.<\/li>\n<li>Dr. med. Raschid Gharbo, Psychosomatique, Hochgebirgsklinik Davos<\/li>\n<li>Dr Dirk B\u00fcchter, Psychosomatique et m\u00e9decine de l&rsquo;adolescence, H\u00f4pital p\u00e9diatrique de Suisse orientale, Saint-Gall<\/li>\n<li>Dr. med. Christian Henkel, Psychosomatique, psychiatrie et psychoth\u00e9rapie pour enfants et adolescents, Ostschweizer Kinderspital St.<\/li>\n<\/ul>\n<p>&nbsp;<\/p>\n\n            \n        <\/div>\n    <\/div>\n<\/div>","protected":false},"excerpt":{"rendered":"","protected":false},"author":3,"featured_media":0,"parent":3803,"menu_order":0,"comment_status":"closed","ping_status":"closed","template":"","meta":{"_acf_changed":false,"footnotes":""},"class_list":["post-3834","page","type-page","status-publish","hentry"],"acf":[],"_links":{"self":[{"href":"https:\/\/www.sappm.ch\/fr\/wp-json\/wp\/v2\/pages\/3834","targetHints":{"allow":["GET"]}}],"collection":[{"href":"https:\/\/www.sappm.ch\/fr\/wp-json\/wp\/v2\/pages"}],"about":[{"href":"https:\/\/www.sappm.ch\/fr\/wp-json\/wp\/v2\/types\/page"}],"author":[{"embeddable":true,"href":"https:\/\/www.sappm.ch\/fr\/wp-json\/wp\/v2\/users\/3"}],"replies":[{"embeddable":true,"href":"https:\/\/www.sappm.ch\/fr\/wp-json\/wp\/v2\/comments?post=3834"}],"version-history":[{"count":0,"href":"https:\/\/www.sappm.ch\/fr\/wp-json\/wp\/v2\/pages\/3834\/revisions"}],"up":[{"embeddable":true,"href":"https:\/\/www.sappm.ch\/fr\/wp-json\/wp\/v2\/pages\/3803"}],"wp:attachment":[{"href":"https:\/\/www.sappm.ch\/fr\/wp-json\/wp\/v2\/media?parent=3834"}],"curies":[{"name":"wp","href":"https:\/\/api.w.org\/{rel}","templated":true}]}}

Groupe régional Nord-Est

<div  class="block block-image main-container pb-mittel">
    <div class="image-container">
            </div>
    
    
    </div>


<div  class="block block-content pb-mittel">
    <div class="main-container">
        <div class="content-container">

            
            <p>Nous nous sommes fixés pour objectif d&rsquo;enseigner la psychosomatique de manière pratique tout au long de la vie et de mettre en place des réseaux. Le groupe de travail propose des formations complémentaires aux instituts de formation continue bien connus en Suisse alémanique, à Zurich et à Bâle, dans le but de soutenir l&rsquo;application et l&rsquo;intégration cliniques. Le contenu doit permettre de se familiariser avec l&rsquo;identité psychosomatique, la gestion des relations et l&rsquo;attitude thérapeutique.</p>
<p>Les titulaires de la formation approfondie interdisciplinaire en médecine psychosomatique et psychosociale ASMP ainsi que les collègues intéressés sans titre de formation approfondie sont invités à se mettre en réseau par notre intermédiaire et à entretenir un échange commun.</p>
<p>Actuellement, notre activité se concentre sur l&rsquo;organisation du symposium annuel de psychosomatique de Suisse orientale. Une extension future à des offres pratiques telles que l&rsquo;intervision, la supervision et le travail Balint est envisagée.</p>
<p>Nous aimerions également accueillir des collègues établis dans notre cercle afin de faire avancer le réseau et d&rsquo;intensifier l&rsquo;échange entre les cliniciens et les praticiens.</p>
<p>Toute personne intéressée et désireuse de participer à la réflexion et à l&rsquo;élaboration active du projet est invitée à s&rsquo;inscrire à l&rsquo;adresse suivante : christian.henkel@kispisg.ch <a href="mailto:Christian.Henkel@kispisg.ch">ou </a>doris.straus@oberwaid.ch</p>
<p>Pour le groupe de travail :</p>
<ul>
<li>PD Dr. med. Dagmar Schmid, Clinique de psychosomatique et de psychiatrie de consultation, Hôpital cantonal de Saint-Gall</li>
<li>Dr. med. Doris Straus, Psychosomatique, psychiatrie et psychothérapie, clinique Oberwaid, St.</li>
<li>Dr. med. Raschid Gharbo, Psychosomatique, Hochgebirgsklinik Davos</li>
<li>Dr Dirk Büchter, Psychosomatique et médecine de l&rsquo;adolescence, Hôpital pédiatrique de Suisse orientale, Saint-Gall</li>
<li>Dr. med. Christian Henkel, Psychosomatique, psychiatrie et psychothérapie pour enfants et adolescents, Ostschweizer Kinderspital St.</li>
</ul>
<p>&nbsp;</p>

            
        </div>
    </div>
</div>
