{"id":476,"date":"2023-12-01T12:00:50","date_gmt":"2023-12-01T11:00:50","guid":{"rendered":"https:\/\/xawekybe.cyon.site\/asmpp\/"},"modified":"2025-01-08T16:29:01","modified_gmt":"2025-01-08T15:29:01","slug":"asmpp","status":"publish","type":"page","link":"https:\/\/www.sappm.ch\/fr\/","title":{"rendered":"ASMPP"},"content":{"rendered":"\n<div class=\"block block-home-intro\">\n        <div class=\"swiper-fade pos-rel\">\n        <div class=\"swiper-wrapper\">\n                        <div class=\"swiper-slide\">\n                <img decoding=\"async\" src=\"https:\/\/www.sappm.ch\/wp-content\/uploads\/2024\/07\/121Bild-1024x715.png\" alt=\"\" \/>\n            <\/div>\n                        <div class=\"swiper-slide\">\n                <img decoding=\"async\" src=\"https:\/\/www.sappm.ch\/wp-content\/uploads\/2024\/07\/112Bild-1024x717.png\" alt=\"\" \/>\n            <\/div>\n                        <div class=\"swiper-slide\">\n                <img decoding=\"async\" src=\"https:\/\/www.sappm.ch\/wp-content\/uploads\/2024\/07\/113.Bild_-1024x714.png\" alt=\"\" \/>\n            <\/div>\n                        <div class=\"swiper-slide\">\n                <img decoding=\"async\" src=\"https:\/\/www.sappm.ch\/wp-content\/uploads\/2024\/07\/114Bild-1024x717.png\" alt=\"\" \/>\n            <\/div>\n                        <div class=\"swiper-slide\">\n                <img decoding=\"async\" src=\"https:\/\/www.sappm.ch\/wp-content\/uploads\/2024\/07\/115Bild-1024x716.png\" alt=\"\" \/>\n            <\/div>\n                        <div class=\"swiper-slide\">\n                <img decoding=\"async\" src=\"https:\/\/www.sappm.ch\/wp-content\/uploads\/2024\/07\/116Bild-1024x717.png\" alt=\"\" \/>\n            <\/div>\n                    <\/div>\n    <\/div>\n    \n\n    <div class=\"home-intro-content\">\n        <h1 class=\"d1\">Acad\u00e9mie suisse de m\u00e9decine psychosomatique et psychosociale<\/h1>\n        <a href=\"#home-content\" class=\"scroll\"><svg width=\"40\" height=\"40\" viewBox=\"0 0 40 40\" fill=\"none\" xmlns=\"http:\/\/www.w3.org\/2000\/svg\">\n<path fill-rule=\"evenodd\" clip-rule=\"evenodd\" d=\"M27.8661 37.1339C28.3543 37.622 29.1457 37.622 29.6339 37.1339L39.6339 27.1339C40.122 26.6457 40.122 25.8543 39.6339 25.3661C39.1457 24.878 38.3543 24.878 37.8661 25.3661L30 33.2322L30 8.75C30 5.29822 27.2018 2.5 23.75 2.5L3.75 2.5C3.05965 2.5 2.5 3.05965 2.5 3.75C2.5 4.44035 3.05965 5 3.75 5L23.75 5C25.8211 5 27.5 6.67893 27.5 8.75L27.5 33.2322L19.6339 25.3661C19.1457 24.878 18.3543 24.878 17.8661 25.3661C17.378 25.8543 17.378 26.6457 17.8661 27.1339L27.8661 37.1339Z\" fill=\"#11B1BB\"\/>\n<\/svg>\n<\/a>\n    <\/div>\n\n\n    <div class=\"agenda-container\">\n                    <div class=\"agenda-scrollbox standard-link\">\n                \n                           \n                    <a href=\"https:\/\/www.sappm.ch\/fr\/agendakategorie\/speaker-tour-5\/\" class=\"agenda-item\" target=\"_self\">\n                        <div class=\"accordion-toggle\">\n                            <span class=\"cat-label\">Formation continue et perfectionnement<\/span>\n                            <div class=\"inner\">\n                                <h2 class=\"d6 agenda-title\">Speaker Tour<\/h2>\n                                    \n                                <p>5. mai 2026<\/p>\n                                                            <\/div>\n                        <\/div>\n                    <\/a>\n             \n                           \n                    <a href=\"https:\/\/www.sappm.ch\/fr\/agendakategorie\/schlaf-bewegung-und-ernaehrung-in-der-praevention-und-komplementaeren-behandlung-von-stressfolgeerkrankungen-2\/\" class=\"agenda-item\" target=\"_self\">\n                        <div class=\"accordion-toggle\">\n                            <span class=\"cat-label\">Formation continue et perfectionnement<\/span>\n                            <div class=\"inner\">\n                                <h2 class=\"d6 agenda-title\">Schlaf, Bewegung und Ern\u00e4hrung in der Pr\u00e4vention und komplement\u00e4ren Behandlung von Stressfolgeerkrankungen<\/h2>\n                                    \n                                <p>7. mai 2026<\/p>\n                                                            <\/div>\n                        <\/div>\n                    <\/a>\n             \n                           \n                    <a href=\"https:\/\/www.sappm.ch\/fr\/agendakategorie\/formation-interdisciplinaire-saekk\/\" class=\"agenda-item\" target=\"_self\">\n                        <div class=\"accordion-toggle\">\n                            <span class=\"cat-label\">Formation continue et perfectionnement<\/span>\n                            <div class=\"inner\">\n                                <h2 class=\"d6 agenda-title\">4\u00e8me Formation continue interdisciplinaire SAEKK<\/h2>\n                                    \n                                <p>7. mai 2026<\/p>\n                                                            <\/div>\n                        <\/div>\n                    <\/a>\n             \n                           \n                    <a href=\"https:\/\/www.sappm.ch\/fr\/agendakategorie\/sgvt-sstcc-berichte-im-anordnungsmodell-2\/\" class=\"agenda-item\" target=\"_self\">\n                        <div class=\"accordion-toggle\">\n                            <span class=\"cat-label\">Formation continue et perfectionnement<\/span>\n                            <div class=\"inner\">\n                                <h2 class=\"d6 agenda-title\">SGVT SSTCC Berichte im Anordnungsmodell<\/h2>\n                                    \n                                <p>8. mai 2026<\/p>\n                                                            <\/div>\n                        <\/div>\n                    <\/a>\n             \n                           \n                    <a href=\"https:\/\/www.sappm.ch\/fr\/agendakategorie\/sps-schmerzkurs-2026\/\" class=\"agenda-item\" target=\"_self\">\n                        <div class=\"accordion-toggle\">\n                            <span class=\"cat-label\">Formation continue et perfectionnement<\/span>\n                            <div class=\"inner\">\n                                <h2 class=\"d6 agenda-title\">SPS Schmerzkurs 2026<\/h2>\n                                    \n                                <p>8. mai \u2013 12. juin 2026<\/p>\n                                                            <\/div>\n                        <\/div>\n                    <\/a>\n             \n                           \n                    <a href=\"https:\/\/www.sappm.ch\/fr\/agendakategorie\/neu-curriculum-psychosomatische-schmerztherapie\/\" class=\"agenda-item\" target=\"_self\">\n                        <div class=\"accordion-toggle\">\n                            <span class=\"cat-label\">Offres partielles de formation continue<\/span>\n                            <div class=\"inner\">\n                                <h2 class=\"d6 agenda-title\">Curriculum Psychosomatische Schmerztherapie<\/h2>\n                                    \n                                <p>7. novembre 2025 \u2013 9. mai 2026<\/p>\n                                                            <\/div>\n                        <\/div>\n                    <\/a>\n             \n                           \n                    <a href=\"https:\/\/www.sappm.ch\/fr\/agendakategorie\/journees-balint-dannecy\/\" class=\"agenda-item\" target=\"_self\">\n                        <div class=\"accordion-toggle\">\n                            <span class=\"cat-label\">Offres partielles de formation continue<\/span>\n                            <div class=\"inner\">\n                                <h2 class=\"d6 agenda-title\">Journ\u00e9es Balint d&rsquo;Annecy<\/h2>\n                                    \n                                <p>13. \u2013 16. mai 2026<\/p>\n                                                            <\/div>\n                        <\/div>\n                    <\/a>\n             \n                           \n                    <a href=\"https:\/\/www.sappm.ch\/fr\/agendakategorie\/funktionelle-neurologische-stoerungen-erkennen-und-behandeln\/\" class=\"agenda-item\" target=\"_self\">\n                        <div class=\"accordion-toggle\">\n                            <span class=\"cat-label\">Formation continue et perfectionnement<\/span>\n                            <div class=\"inner\">\n                                <h2 class=\"d6 agenda-title\">Funktionelle neurologische St\u00f6rungen erkennen und behandeln<\/h2>\n                                    \n                                <p>15. \u2013 16. mai 2026<\/p>\n                                                            <\/div>\n                        <\/div>\n                    <\/a>\n             \n                           \n                    <a href=\"https:\/\/www.sappm.ch\/fr\/agendakategorie\/speaker-tour-6\/\" class=\"agenda-item\" target=\"_self\">\n                        <div class=\"accordion-toggle\">\n                            <span class=\"cat-label\">Formation continue et perfectionnement<\/span>\n                            <div class=\"inner\">\n                                <h2 class=\"d6 agenda-title\">Speaker Tour<\/h2>\n                                    \n                                <p>27. mai 2026<\/p>\n                                                            <\/div>\n                        <\/div>\n                    <\/a>\n             \n                           \n                    <a href=\"https:\/\/www.sappm.ch\/fr\/agendakategorie\/speaker-tour-7\/\" class=\"agenda-item\" target=\"_self\">\n                        <div class=\"accordion-toggle\">\n                            <span class=\"cat-label\">Formation continue et perfectionnement<\/span>\n                            <div class=\"inner\">\n                                <h2 class=\"d6 agenda-title\">Speaker Tour<\/h2>\n                                    \n                                <p>27. mai 2026<\/p>\n                                                            <\/div>\n                        <\/div>\n                    <\/a>\n             \n                           \n                    <a href=\"https:\/\/www.sappm.ch\/fr\/agendakategorie\/103-berner-psychosomatik-gespraech-2\/\" class=\"agenda-item\" target=\"_self\">\n                        <div class=\"accordion-toggle\">\n                            <span class=\"cat-label\">Formation continue et perfectionnement<\/span>\n                            <div class=\"inner\">\n                                <h2 class=\"d6 agenda-title\">Fr\u00fchjahrstagung Psychosomatik Bern<\/h2>\n                                    \n                                <p>28. mai 2026<\/p>\n                                                            <\/div>\n                        <\/div>\n                    <\/a>\n             \n                           \n                    <a href=\"https:\/\/www.sappm.ch\/fr\/agendakategorie\/speaker-tour-8\/\" class=\"agenda-item\" target=\"_self\">\n                        <div class=\"accordion-toggle\">\n                            <span class=\"cat-label\">Formation continue et perfectionnement<\/span>\n                            <div class=\"inner\">\n                                <h2 class=\"d6 agenda-title\">Speaker Tour<\/h2>\n                                    \n                                <p>28. mai 2026<\/p>\n                                                            <\/div>\n                        <\/div>\n                    <\/a>\n             \n                            <\/div>\n       \n        \n        <a class=\"btn btn-full btn-agenda\" href=\"https:\/\/www.sappm.ch\/fr\/formations\">Voir toutes les offres de formation<\/a>\n    <\/div>\n<\/div>\n\n\n\n\n<div id=\"home-content\" class=\"wp-block-group\"><div class=\"wp-block-group__inner-container is-layout-constrained wp-block-group-is-layout-constrained\">\n<div  class=\"block block-teaser block-text-bild pb-mittel\">\n    <div class=\"main-container\">\n        <div class=\"columns-2\">\n                        <div class=\"column bild\">\n                <img loading=\"lazy\" decoding=\"async\" width=\"600\" height=\"573\" src=\"https:\/\/www.sappm.ch\/wp-content\/uploads\/2024\/09\/333.Franz_-600x573.png\" class=\"attachment-medium size-medium\" alt=\"\" srcset=\"https:\/\/www.sappm.ch\/wp-content\/uploads\/2024\/09\/333.Franz_-600x573.png 600w, https:\/\/www.sappm.ch\/wp-content\/uploads\/2024\/09\/333.Franz_.png 754w\" sizes=\"auto, (max-width: 600px) 100vw, 600px\" \/>            <\/div>\n                        \n            <div class=\"column\">\n                                    <h2 class=\"d4 color-blue\">Qu&rsquo;est-ce que la m\u00e9decine psychosomatique ?<\/h2>\n                \n                <p>La m\u00e9decine psychosomatique \u00e9tudie depuis des d\u00e9cennies l&rsquo;interaction entre le corps et le psychisme lorsqu&rsquo;il s&rsquo;agit de la sant\u00e9 de l&rsquo;homme.<br \/>\nLes maladies psychosomatiques ne sont pas imaginaires, leur origine peut aujourd&rsquo;hui \u00eatre d\u00e9crite scientifiquement, elles concernent toujours l&rsquo;\u00eatre humain dans son ensemble.   <\/p>\n\n                                    <div class=\"button-group\">\n                                           <a class=\"btn btn-full btn-ext\" href=\"https:\/\/www.sappm.ch\/fr\/quest-ce-que-la-medecine-psychosomatique\/\" target=\"_blank\">En savoir plus<\/a>\n                                        <\/div>\n                            <\/div>\n        <\/div>\n    <\/div>\n<\/div>\n\n\n<div  class=\"block block-teaser block-text-bild pb-mittel\">\n    <div class=\"main-container\">\n        <div class=\"columns-2\">\n                        <div class=\"column bild\">\n                <img loading=\"lazy\" decoding=\"async\" width=\"600\" height=\"411\" src=\"https:\/\/www.sappm.ch\/wp-content\/uploads\/2024\/06\/Bild5-e1719411234544-600x411.png\" class=\"attachment-medium size-medium\" alt=\"\" srcset=\"https:\/\/www.sappm.ch\/wp-content\/uploads\/2024\/06\/Bild5-e1719411234544-600x411.png 600w, https:\/\/www.sappm.ch\/wp-content\/uploads\/2024\/06\/Bild5-e1719411234544.png 754w\" sizes=\"auto, (max-width: 600px) 100vw, 600px\" \/>            <\/div>\n                        \n            <div class=\"column\">\n                                    <h2 class=\"d4 color-blue\">Pour les professionnels<\/h2>\n                \n                <p>L&rsquo;ASMPP est l&rsquo;association professionnelle des m\u00e9decins sp\u00e9cialistes en m\u00e9decine psychosomatique et psychosociale.<br \/>\nL&rsquo;ASMPP est \u00e9galement l&rsquo;organisation fa\u00eeti\u00e8re d&rsquo;autres professions m\u00e9dicales dont l&rsquo;activit\u00e9 principale se situe dans le domaine de la m\u00e9decine psychosomatique. <\/p>\n\n                                    <div class=\"button-group\">\n                                           <a class=\"btn btn-full btn-arrow\" href=\"https:\/\/www.sappm.ch\/fr\/association-professionnelle-asmpp\/\" target=\"_self\">L&#039;association professionnelle ASMPP<\/a>\n                                        <\/div>\n                            <\/div>\n        <\/div>\n    <\/div>\n<\/div>\n\n\n<div  class=\"block block-teaser block-text-bild pb-mittel\">\n    <div class=\"main-container\">\n        <div class=\"columns-2\">\n                        <div class=\"column bild\">\n                <img loading=\"lazy\" decoding=\"async\" width=\"600\" height=\"400\" src=\"https:\/\/www.sappm.ch\/wp-content\/uploads\/2024\/08\/Start0.png\" class=\"attachment-medium size-medium\" alt=\"\" \/>            <\/div>\n                        \n            <div class=\"column\">\n                                    <h2 class=\"d4 color-blue\">M\u00e9decins dans ma r\u00e9gion<\/h2>\n                \n                <p>De nombreuses affections ne peuvent \u00eatre attribu\u00e9es ni \u00e0 une cause organique ni \u00e0 une cause psychiatrique.<br \/>\nD&rsquo;autres maladies sont \u00e0 la fois organiques et psychiques.<br \/>\nVous trouverez ici des sp\u00e9cialistes de l&rsquo;ensemble.  <\/p>\n\n                                    <div class=\"button-group\">\n                                           <a class=\"btn btn-full btn-arrow\" href=\"https:\/\/www.sappm.ch\/aerztinnen-in-meiner-umgebung\/\" target=\"_self\">Aller \u00e0 la carte<\/a>\n                                        <\/div>\n                            <\/div>\n        <\/div>\n    <\/div>\n<\/div><\/div><\/div>\n","protected":false},"excerpt":{"rendered":"","protected":false},"author":1,"featured_media":0,"parent":0,"menu_order":0,"comment_status":"closed","ping_status":"closed","template":"tpl-ohne-titel.php","meta":{"_acf_changed":false,"footnotes":""},"class_list":["post-476","page","type-page","status-publish","hentry"],"acf":[],"_links":{"self":[{"href":"https:\/\/www.sappm.ch\/fr\/wp-json\/wp\/v2\/pages\/476","targetHints":{"allow":["GET"]}}],"collection":[{"href":"https:\/\/www.sappm.ch\/fr\/wp-json\/wp\/v2\/pages"}],"about":[{"href":"https:\/\/www.sappm.ch\/fr\/wp-json\/wp\/v2\/types\/page"}],"author":[{"embeddable":true,"href":"https:\/\/www.sappm.ch\/fr\/wp-json\/wp\/v2\/users\/1"}],"replies":[{"embeddable":true,"href":"https:\/\/www.sappm.ch\/fr\/wp-json\/wp\/v2\/comments?post=476"}],"version-history":[{"count":6,"href":"https:\/\/www.sappm.ch\/fr\/wp-json\/wp\/v2\/pages\/476\/revisions"}],"predecessor-version":[{"id":11015,"href":"https:\/\/www.sappm.ch\/fr\/wp-json\/wp\/v2\/pages\/476\/revisions\/11015"}],"wp:attachment":[{"href":"https:\/\/www.sappm.ch\/fr\/wp-json\/wp\/v2\/media?parent=476"}],"curies":[{"name":"wp","href":"https:\/\/api.w.org\/{rel}","templated":true}]}}

<div class="block block-home-intro">
        <div class="swiper-fade pos-rel">
        <div class="swiper-wrapper">
                        <div class="swiper-slide">
                <img decoding="async" src="https://www.sappm.ch/wp-content/uploads/2024/07/121Bild-1024x715.png" alt="" />
            </div>
                        <div class="swiper-slide">
                <img decoding="async" src="https://www.sappm.ch/wp-content/uploads/2024/07/112Bild-1024x717.png" alt="" />
            </div>
                        <div class="swiper-slide">
                <img decoding="async" src="https://www.sappm.ch/wp-content/uploads/2024/07/113.Bild_-1024x714.png" alt="" />
            </div>
                        <div class="swiper-slide">
                <img decoding="async" src="https://www.sappm.ch/wp-content/uploads/2024/07/114Bild-1024x717.png" alt="" />
            </div>
                        <div class="swiper-slide">
                <img decoding="async" src="https://www.sappm.ch/wp-content/uploads/2024/07/115Bild-1024x716.png" alt="" />
            </div>
                        <div class="swiper-slide">
                <img decoding="async" src="https://www.sappm.ch/wp-content/uploads/2024/07/116Bild-1024x717.png" alt="" />
            </div>
                    </div>
    </div>
    

    <div class="home-intro-content">
        <h1 class="d1">Académie suisse de médecine psychosomatique et psychosociale</h1>
        <a href="#home-content" class="scroll"><svg width="40" height="40" viewBox="0 0 40 40" fill="none" xmlns="http://www.w3.org/2000/svg">
<path fill-rule="evenodd" clip-rule="evenodd" d="M27.8661 37.1339C28.3543 37.622 29.1457 37.622 29.6339 37.1339L39.6339 27.1339C40.122 26.6457 40.122 25.8543 39.6339 25.3661C39.1457 24.878 38.3543 24.878 37.8661 25.3661L30 33.2322L30 8.75C30 5.29822 27.2018 2.5 23.75 2.5L3.75 2.5C3.05965 2.5 2.5 3.05965 2.5 3.75C2.5 4.44035 3.05965 5 3.75 5L23.75 5C25.8211 5 27.5 6.67893 27.5 8.75L27.5 33.2322L19.6339 25.3661C19.1457 24.878 18.3543 24.878 17.8661 25.3661C17.378 25.8543 17.378 26.6457 17.8661 27.1339L27.8661 37.1339Z" fill="#11B1BB"/>
</svg>
</a>
    </div>


    <div class="agenda-container">
                    <div class="agenda-scrollbox standard-link">
                
                           
                    <a href="https://www.sappm.ch/fr/agendakategorie/speaker-tour-5/" class="agenda-item" target="_self">
                        <div class="accordion-toggle">
                            <span class="cat-label">Formation continue et perfectionnement</span>
                            <div class="inner">
                                <h2 class="d6 agenda-title">Speaker Tour</h2>
                                    
                                <p>5. mai 2026</p>
                                                            </div>
                        </div>
                    </a>
             
                           
                    <a href="https://www.sappm.ch/fr/agendakategorie/schlaf-bewegung-und-ernaehrung-in-der-praevention-und-komplementaeren-behandlung-von-stressfolgeerkrankungen-2/" class="agenda-item" target="_self">
                        <div class="accordion-toggle">
                            <span class="cat-label">Formation continue et perfectionnement</span>
                            <div class="inner">
                                <h2 class="d6 agenda-title">Schlaf, Bewegung und Ernährung in der Prävention und komplementären Behandlung von Stressfolgeerkrankungen</h2>
                                    
                                <p>7. mai 2026</p>
                                                            </div>
                        </div>
                    </a>
             
                           
                    <a href="https://www.sappm.ch/fr/agendakategorie/formation-interdisciplinaire-saekk/" class="agenda-item" target="_self">
                        <div class="accordion-toggle">
                            <span class="cat-label">Formation continue et perfectionnement</span>
                            <div class="inner">
                                <h2 class="d6 agenda-title">4ème Formation continue interdisciplinaire SAEKK</h2>
                                    
                                <p>7. mai 2026</p>
                                                            </div>
                        </div>
                    </a>
             
                           
                    <a href="https://www.sappm.ch/fr/agendakategorie/sgvt-sstcc-berichte-im-anordnungsmodell-2/" class="agenda-item" target="_self">
                        <div class="accordion-toggle">
                            <span class="cat-label">Formation continue et perfectionnement</span>
                            <div class="inner">
                                <h2 class="d6 agenda-title">SGVT SSTCC Berichte im Anordnungsmodell</h2>
                                    
                                <p>8. mai 2026</p>
                                                            </div>
                        </div>
                    </a>
             
                           
                    <a href="https://www.sappm.ch/fr/agendakategorie/sps-schmerzkurs-2026/" class="agenda-item" target="_self">
                        <div class="accordion-toggle">
                            <span class="cat-label">Formation continue et perfectionnement</span>
                            <div class="inner">
                                <h2 class="d6 agenda-title">SPS Schmerzkurs 2026</h2>
                                    
                                <p>8. mai – 12. juin 2026</p>
                                                            </div>
                        </div>
                    </a>
             
                           
                    <a href="https://www.sappm.ch/fr/agendakategorie/neu-curriculum-psychosomatische-schmerztherapie/" class="agenda-item" target="_self">
                        <div class="accordion-toggle">
                            <span class="cat-label">Offres partielles de formation continue</span>
                            <div class="inner">
                                <h2 class="d6 agenda-title">Curriculum Psychosomatische Schmerztherapie</h2>
                                    
                                <p>7. novembre 2025 – 9. mai 2026</p>
                                                            </div>
                        </div>
                    </a>
             
                           
                    <a href="https://www.sappm.ch/fr/agendakategorie/journees-balint-dannecy/" class="agenda-item" target="_self">
                        <div class="accordion-toggle">
                            <span class="cat-label">Offres partielles de formation continue</span>
                            <div class="inner">
                                <h2 class="d6 agenda-title">Journées Balint d&rsquo;Annecy</h2>
                                    
                                <p>13. – 16. mai 2026</p>
                                                            </div>
                        </div>
                    </a>
             
                           
                    <a href="https://www.sappm.ch/fr/agendakategorie/funktionelle-neurologische-stoerungen-erkennen-und-behandeln/" class="agenda-item" target="_self">
                        <div class="accordion-toggle">
                            <span class="cat-label">Formation continue et perfectionnement</span>
                            <div class="inner">
                                <h2 class="d6 agenda-title">Funktionelle neurologische Störungen erkennen und behandeln</h2>
                                    
                                <p>15. – 16. mai 2026</p>
                                                            </div>
                        </div>
                    </a>
             
                           
                    <a href="https://www.sappm.ch/fr/agendakategorie/speaker-tour-6/" class="agenda-item" target="_self">
                        <div class="accordion-toggle">
                            <span class="cat-label">Formation continue et perfectionnement</span>
                            <div class="inner">
                                <h2 class="d6 agenda-title">Speaker Tour</h2>
                                    
                                <p>27. mai 2026</p>
                                                            </div>
                        </div>
                    </a>
             
                           
                    <a href="https://www.sappm.ch/fr/agendakategorie/speaker-tour-7/" class="agenda-item" target="_self">
                        <div class="accordion-toggle">
                            <span class="cat-label">Formation continue et perfectionnement</span>
                            <div class="inner">
                                <h2 class="d6 agenda-title">Speaker Tour</h2>
                                    
                                <p>27. mai 2026</p>
                                                            </div>
                        </div>
                    </a>
             
                           
                    <a href="https://www.sappm.ch/fr/agendakategorie/103-berner-psychosomatik-gespraech-2/" class="agenda-item" target="_self">
                        <div class="accordion-toggle">
                            <span class="cat-label">Formation continue et perfectionnement</span>
                            <div class="inner">
                                <h2 class="d6 agenda-title">Frühjahrstagung Psychosomatik Bern</h2>
                                    
                                <p>28. mai 2026</p>
                                                            </div>
                        </div>
                    </a>
             
                           
                    <a href="https://www.sappm.ch/fr/agendakategorie/speaker-tour-8/" class="agenda-item" target="_self">
                        <div class="accordion-toggle">
                            <span class="cat-label">Formation continue et perfectionnement</span>
                            <div class="inner">
                                <h2 class="d6 agenda-title">Speaker Tour</h2>
                                    
                                <p>28. mai 2026</p>
                                                            </div>
                        </div>
                    </a>
             
                            </div>
       
        
        <a class="btn btn-full btn-agenda" href="https://www.sappm.ch/fr/formations">Voir toutes les offres de formation</a>
    </div>
</div>




<div id="home-content" class="wp-block-group"><div class="wp-block-group__inner-container is-layout-constrained wp-block-group-is-layout-constrained">
<div  class="block block-teaser block-text-bild pb-mittel">
    <div class="main-container">
        <div class="columns-2">
                        <div class="column bild">
                <img loading="lazy" decoding="async" width="600" height="573" src="https://www.sappm.ch/wp-content/uploads/2024/09/333.Franz_-600x573.png" class="attachment-medium size-medium" alt="" srcset="https://www.sappm.ch/wp-content/uploads/2024/09/333.Franz_-600x573.png 600w, https://www.sappm.ch/wp-content/uploads/2024/09/333.Franz_.png 754w" sizes="auto, (max-width: 600px) 100vw, 600px" />            </div>
                        
            <div class="column">
                                    <h2 class="d4 color-blue">Qu&rsquo;est-ce que la médecine psychosomatique ?</h2>
                
                <p>La médecine psychosomatique étudie depuis des décennies l&rsquo;interaction entre le corps et le psychisme lorsqu&rsquo;il s&rsquo;agit de la santé de l&rsquo;homme.<br />
Les maladies psychosomatiques ne sont pas imaginaires, leur origine peut aujourd&rsquo;hui être décrite scientifiquement, elles concernent toujours l&rsquo;être humain dans son ensemble.   </p>

                                    <div class="button-group">
                                           <a class="btn btn-full btn-ext" href="https://www.sappm.ch/fr/quest-ce-que-la-medecine-psychosomatique/" target="_blank">En savoir plus</a>
                                        </div>
                            </div>
        </div>
    </div>
</div>


<div  class="block block-teaser block-text-bild pb-mittel">
    <div class="main-container">
        <div class="columns-2">
                        <div class="column bild">
                <img loading="lazy" decoding="async" width="600" height="411" src="https://www.sappm.ch/wp-content/uploads/2024/06/Bild5-e1719411234544-600x411.png" class="attachment-medium size-medium" alt="" srcset="https://www.sappm.ch/wp-content/uploads/2024/06/Bild5-e1719411234544-600x411.png 600w, https://www.sappm.ch/wp-content/uploads/2024/06/Bild5-e1719411234544.png 754w" sizes="auto, (max-width: 600px) 100vw, 600px" />            </div>
                        
            <div class="column">
                                    <h2 class="d4 color-blue">Pour les professionnels</h2>
                
                <p>L&rsquo;ASMPP est l&rsquo;association professionnelle des médecins spécialistes en médecine psychosomatique et psychosociale.<br />
L&rsquo;ASMPP est également l&rsquo;organisation faîtière d&rsquo;autres professions médicales dont l&rsquo;activité principale se situe dans le domaine de la médecine psychosomatique. </p>

                                    <div class="button-group">
                                           <a class="btn btn-full btn-arrow" href="https://www.sappm.ch/fr/association-professionnelle-asmpp/" target="_self">L&#039;association professionnelle ASMPP</a>
                                        </div>
                            </div>
        </div>
    </div>
</div>


<div  class="block block-teaser block-text-bild pb-mittel">
    <div class="main-container">
        <div class="columns-2">
                        <div class="column bild">
                <img loading="lazy" decoding="async" width="600" height="400" src="https://www.sappm.ch/wp-content/uploads/2024/08/Start0.png" class="attachment-medium size-medium" alt="" />            </div>
                        
            <div class="column">
                                    <h2 class="d4 color-blue">Médecins dans ma région</h2>
                
                <p>De nombreuses affections ne peuvent être attribuées ni à une cause organique ni à une cause psychiatrique.<br />
D&rsquo;autres maladies sont à la fois organiques et psychiques.<br />
Vous trouverez ici des spécialistes de l&rsquo;ensemble.  </p>

                                    <div class="button-group">
                                           <a class="btn btn-full btn-arrow" href="https://www.sappm.ch/aerztinnen-in-meiner-umgebung/" target="_self">Aller à la carte</a>
                                        </div>
                            </div>
        </div>
    </div>
</div></div></div>
