{"id":4136,"date":"2023-12-01T14:33:10","date_gmt":"2023-12-01T13:33:10","guid":{"rendered":"https:\/\/xawekybe.cyon.site\/?page_id=4136"},"modified":"2024-11-07T15:12:34","modified_gmt":"2024-11-07T14:12:34","slug":"associazione-professionale-asmpp","status":"publish","type":"page","link":"https:\/\/www.sappm.ch\/it\/associazione-professionale-asmpp\/","title":{"rendered":"Associazione professionale ASMPP"},"content":{"rendered":"\n<div  class=\"block block-lead bg-element pb-mittel\">\n    <div class=\"main-container\">\n        <div class=\"content-container lead-font-size\">\n            In qualit\u00e0 di organizzazione associata, l&#8217;ASMPP rappresenta le preoccupazioni della medicina psicosomatica nel sistema sanitario e nella societ\u00e0. L&#8217;obiettivo \u00e8 quello di promuovere le competenze psicosomatiche nelle cure primarie, nel settore della riabilitazione, negli ospedali centrali e nelle cliniche universitarie in Svizzera. L&#8217;ASMPP \u00e8 stato incaricato dalla SIWF di garantire il titolo di specializzazione interdisciplinare in medicina psicosomatica e psicosociale in Svizzera. L&#8217;ASMPP conta gi\u00e0 quasi 1&#8217;000 membri in tutta la Svizzera.         <\/div>\n    <\/div>\n<\/div>\n\n\n<div  class=\"block block-content pb-mittel\">\n    <div class=\"main-container\">\n        <div class=\"content-container\">\n\n                            <h2 class=\"d5\">Le origini dell&#8217;associazione professionale  <\/h2>\n            \n            <p>All&#8217;indomani della Seconda Guerra Mondiale, \u00e8 stato chiesto un correttivo che rispetti la dignit\u00e0 e la soggettivit\u00e0 umana e la ancori come realt\u00e0 di base nella medicina moderna. Sebbene le malattie psicosomatiche siano state descritte fin dall&#8217;antichit\u00e0, nonostante la loro frequenza, sono state trascurate o stigmatizzate dalla medicina sempre pi\u00f9 positivista e frammentata dell&#8217;inizio del XX secolo. In risposta, a partire dagli anni &#8217;50, in diversi paesi europei e negli Stati Uniti \u00e8 emersa una tendenza riformatrice di successo. Negli anni &#8217;80, la medicina psicosociale \u00e8 stata dichiarata parte obbligatoria del curriculum delle facolt\u00e0 di medicina. L&#8217;ASMPP \u00e8 nata come associazione professionale nel 2008 da diverse organizzazioni svizzere che l&#8217;hanno preceduta. Oggi la medicina psicosomatica \u00e8 ben radicata in Svizzera.<\/p>\n\n            \n        <\/div>\n    <\/div>\n<\/div>\n\n\n<div  class=\"block block-content pb-mittel\">\n    <div class=\"main-container\">\n        <div class=\"content-container\">\n\n                            <h2 class=\"d5\">Presente e prospettive<\/h2>\n            \n            <p>Negli ultimi tre decenni, la medicina psicosomatica ha ricevuto una grande attenzione a seguito dell&#8217;aumento e della migliore registrazione delle malattie legate allo stress. Allo stesso tempo, la ricerca sui disturbi psicosomatici ha fatto grandi progressi. La comprensione della medicina si \u00e8 emancipata dalle &#8220;interpretazioni psicologizzanti&#8221; basate sul dualismo e si sta sviluppando in un&#8217;entusiasmante lega di scienze naturali e umanistiche. Grazie alla sua posizione generale di seconda qualifica medica (oltre al titolo di specialista a scelta), la medicina psicosomatica in Svizzera ha una forte natura trasversale e ha un ampio impatto interdisciplinare con sotto-differenziazioni tematiche, come la psicosomatica ginecologica, la psicosomatica pediatrica, la psicosomatica neurologica, ecc. L&#8217;ASMPP conta gi\u00e0 quasi 1&#8217;000 membri in tutta la Svizzera. La maggior parte dei membri si occupa di pazienti nell&#8217;ambito delle cure primarie. In quanto associazione professionale, l&#8217;ASMPP ha il compito di affrontare le questioni rilevanti per il futuro insieme ad altri settori in modo interdisciplinare.<\/p>\n\n            \n        <\/div>\n    <\/div>\n<\/div>\n\n\n<div  class=\"block block-content pb-mittel\">\n    <div class=\"main-container\">\n        <div class=\"content-container\">\n\n                            <h2 class=\"d5\">Struttura organizzativa del ASMPP<\/h2>\n            \n            <p><img loading=\"lazy\" decoding=\"async\" class=\"wp-image-8718 aligncenter\" src=\"https:\/\/www.sappm.ch\/wp-content\/uploads\/2024\/11\/Ital-VB-600x318.png\" alt=\"\" width=\"789\" height=\"418\" srcset=\"https:\/\/www.sappm.ch\/wp-content\/uploads\/2024\/11\/Ital-VB-600x318.png 600w, https:\/\/www.sappm.ch\/wp-content\/uploads\/2024\/11\/Ital-VB-1024x542.png 1024w, https:\/\/www.sappm.ch\/wp-content\/uploads\/2024\/11\/Ital-VB-768x407.png 768w, https:\/\/www.sappm.ch\/wp-content\/uploads\/2024\/11\/Ital-VB.png 1280w\" sizes=\"auto, (max-width: 789px) 100vw, 789px\" \/><\/p>\n\n                            <div class=\"button-group\">\n                                   <a class=\"btn btn-full btn-arrow\" href=\"https:\/\/www.sappm.ch\/mitglied-werden\/\" target=\"_self\">Come si diventa membri?<\/a>\n                                <\/div>\n            \n        <\/div>\n    <\/div>\n<\/div>","protected":false},"excerpt":{"rendered":"","protected":false},"author":1,"featured_media":0,"parent":0,"menu_order":0,"comment_status":"closed","ping_status":"closed","template":"tpl-header-with-text.php","meta":{"_acf_changed":false,"footnotes":""},"class_list":["post-4136","page","type-page","status-publish","hentry"],"acf":[],"_links":{"self":[{"href":"https:\/\/www.sappm.ch\/it\/wp-json\/wp\/v2\/pages\/4136","targetHints":{"allow":["GET"]}}],"collection":[{"href":"https:\/\/www.sappm.ch\/it\/wp-json\/wp\/v2\/pages"}],"about":[{"href":"https:\/\/www.sappm.ch\/it\/wp-json\/wp\/v2\/types\/page"}],"author":[{"embeddable":true,"href":"https:\/\/www.sappm.ch\/it\/wp-json\/wp\/v2\/users\/1"}],"replies":[{"embeddable":true,"href":"https:\/\/www.sappm.ch\/it\/wp-json\/wp\/v2\/comments?post=4136"}],"version-history":[{"count":1,"href":"https:\/\/www.sappm.ch\/it\/wp-json\/wp\/v2\/pages\/4136\/revisions"}],"predecessor-version":[{"id":8723,"href":"https:\/\/www.sappm.ch\/it\/wp-json\/wp\/v2\/pages\/4136\/revisions\/8723"}],"wp:attachment":[{"href":"https:\/\/www.sappm.ch\/it\/wp-json\/wp\/v2\/media?parent=4136"}],"curies":[{"name":"wp","href":"https:\/\/api.w.org\/{rel}","templated":true}]}}

<div  class="block block-lead bg-element pb-mittel">
    <div class="main-container">
        <div class="content-container lead-font-size">
            In qualità di organizzazione associata, l&#8217;ASMPP rappresenta le preoccupazioni della medicina psicosomatica nel sistema sanitario e nella società. L&#8217;obiettivo è quello di promuovere le competenze psicosomatiche nelle cure primarie, nel settore della riabilitazione, negli ospedali centrali e nelle cliniche universitarie in Svizzera. L&#8217;ASMPP è stato incaricato dalla SIWF di garantire il titolo di specializzazione interdisciplinare in medicina psicosomatica e psicosociale in Svizzera. L&#8217;ASMPP conta già quasi 1&#8217;000 membri in tutta la Svizzera.         </div>
    </div>
</div>


<div  class="block block-content pb-mittel">
    <div class="main-container">
        <div class="content-container">

                            <h2 class="d5">Le origini dell&#8217;associazione professionale  </h2>
            
            <p>All&#8217;indomani della Seconda Guerra Mondiale, è stato chiesto un correttivo che rispetti la dignità e la soggettività umana e la ancori come realtà di base nella medicina moderna. Sebbene le malattie psicosomatiche siano state descritte fin dall&#8217;antichità, nonostante la loro frequenza, sono state trascurate o stigmatizzate dalla medicina sempre più positivista e frammentata dell&#8217;inizio del XX secolo. In risposta, a partire dagli anni &#8217;50, in diversi paesi europei e negli Stati Uniti è emersa una tendenza riformatrice di successo. Negli anni &#8217;80, la medicina psicosociale è stata dichiarata parte obbligatoria del curriculum delle facoltà di medicina. L&#8217;ASMPP è nata come associazione professionale nel 2008 da diverse organizzazioni svizzere che l&#8217;hanno preceduta. Oggi la medicina psicosomatica è ben radicata in Svizzera.</p>

            
        </div>
    </div>
</div>


<div  class="block block-content pb-mittel">
    <div class="main-container">
        <div class="content-container">

                            <h2 class="d5">Presente e prospettive</h2>
            
            <p>Negli ultimi tre decenni, la medicina psicosomatica ha ricevuto una grande attenzione a seguito dell&#8217;aumento e della migliore registrazione delle malattie legate allo stress. Allo stesso tempo, la ricerca sui disturbi psicosomatici ha fatto grandi progressi. La comprensione della medicina si è emancipata dalle &#8220;interpretazioni psicologizzanti&#8221; basate sul dualismo e si sta sviluppando in un&#8217;entusiasmante lega di scienze naturali e umanistiche. Grazie alla sua posizione generale di seconda qualifica medica (oltre al titolo di specialista a scelta), la medicina psicosomatica in Svizzera ha una forte natura trasversale e ha un ampio impatto interdisciplinare con sotto-differenziazioni tematiche, come la psicosomatica ginecologica, la psicosomatica pediatrica, la psicosomatica neurologica, ecc. L&#8217;ASMPP conta già quasi 1&#8217;000 membri in tutta la Svizzera. La maggior parte dei membri si occupa di pazienti nell&#8217;ambito delle cure primarie. In quanto associazione professionale, l&#8217;ASMPP ha il compito di affrontare le questioni rilevanti per il futuro insieme ad altri settori in modo interdisciplinare.</p>

            
        </div>
    </div>
</div>


<div  class="block block-content pb-mittel">
    <div class="main-container">
        <div class="content-container">

                            <h2 class="d5">Struttura organizzativa del ASMPP</h2>
            
            <p><img loading="lazy" decoding="async" class="wp-image-8718 aligncenter" src="https://www.sappm.ch/wp-content/uploads/2024/11/Ital-VB-600x318.png" alt="" width="789" height="418" srcset="https://www.sappm.ch/wp-content/uploads/2024/11/Ital-VB-600x318.png 600w, https://www.sappm.ch/wp-content/uploads/2024/11/Ital-VB-1024x542.png 1024w, https://www.sappm.ch/wp-content/uploads/2024/11/Ital-VB-768x407.png 768w, https://www.sappm.ch/wp-content/uploads/2024/11/Ital-VB.png 1280w" sizes="auto, (max-width: 789px) 100vw, 789px" /></p>

                            <div class="button-group">
                                   <a class="btn btn-full btn-arrow" href="https://www.sappm.ch/mitglied-werden/" target="_self">Come si diventa membri?</a>
                                </div>
            
        </div>
    </div>
</div>
